{"id":996,"date":"2022-05-25T17:17:09","date_gmt":"2022-05-25T15:17:09","guid":{"rendered":"https:\/\/uprzyjaciol.pl\/theatrum\/?page_id=996"},"modified":"2022-07-12T13:30:22","modified_gmt":"2022-07-12T11:30:22","slug":"rekrutremy","status":"publish","type":"page","link":"https:\/\/uprzyjaciol.pl\/theatrum\/spektakle\/premiery\/rekrutremy\/","title":{"rendered":"Rekrutremy"},"content":{"rendered":"\n<p>SCENA KOMEDIOWA<br>PREMIERA: 7 kwietnia 2011 roku<br>WZNOWIENIE TYTU\u0141U: 31 grudnia 2017 roku<br>Czas trwania: 60 minut<br>SPEKTAKL ARCHIWALNY<br><\/p>\n\n\n<p><iframe loading=\"lazy\" src=\"https:\/\/www.youtube.com\/embed\/-PGM2rnX9Qs\" title=\"YouTube video player\" allow=\"accelerometer; autoplay; clipboard-write; encrypted-media; gyroscope; picture-in-picture\" allowfullscreen=\"\" width=\"560\" height=\"315\" frameborder=\"0\"><\/iframe><\/p>\n\n\n<p>Cisza! Pusta przestrze\u0144, czyli najlepsze warunki dla narodzenia si\u0119 sztuki! Emanacja z przetworzeniem, cz\u0142owiek aktorny, kt\u00f3ry ma wyrazi\u0107 sob\u0105 wszystko to, czego nie spos\u00f3b do\u015bwiadczy\u0107 w neurotycznym mydleniu si\u0119 czy degustacji ryby po rzeszowsku. Dzi\u015b o aktorstwie m\u00f3wi si\u0119 bez poj\u0119cia, bo ju\u017c nie ma poj\u0119cia prawdziwego aktora.<\/p>\n\n\n\n<p>Wystawi\u0107 mo\u017cna absolutnie wszystko, bo te\u017c wszystko powinno zachodzi\u0107 w g\u0142ow\u0119 widza. Zawsze chcia\u0142, \u017ceby \u017cycie go poddusza\u0142o w teatrze, ale tylko na tyle, na ile kupi\u0142 bilet. Potem mia\u0142o by\u0107 ju\u017c zgodnie z jego wersj\u0105. A tu mo\u017cna to odwr\u00f3ci\u0107. Niech si\u0119 nie orientuje, gdzie on siedzi, a gdzie si\u0119 sztuka dzieje. Niech sobie nie my\u015bli, \u017ce raz kupiwszy bilet ma zapewniony spok\u00f3j konesera. Niech si\u0119 spr\u00f3buje poczu\u0107 odpowiedzialny. Niech si\u0119 sam wystawi.<\/p>\n\n\n\n<p>Proponowany przez Teatr &#8222;U Przyjaci\u00f3\u0142&#8221; spektakl to swoiste przes\u0142uchanie do nowego spektaklu, kt\u00f3ry to jednak okazuje si\u0119 poszukiwaniem aktor\u00f3w do trupy. Teatr &#8222;Menzura&#8221; bowiem nie wr\u00f3ci\u0142 z tournee (kt\u00f3rego motywacja by\u0142a szemrana jak interesy kierownika) i dlatego spektakl dla abonamentowego widza musi zagra\u0107 kto inny. Nawet, je\u015bli si\u0119 do tego nie nadaje, gdy\u017c na przyk\u0142ad cierpi na teatroz\u0119.<\/p>\n\n\n\n<p><strong>OBSADA:<\/strong><\/p>\n\n\n\n<p>Benon Beton &#8211; Tomasz Zajcher<\/p>\n\n\n\n<p>Papiak &#8211; Wawrzyniec D\u0105browski<\/p>\n\n\n\n<p>Amalia Bazbaryton &#8211; Emilia Kucz \/ Sylwia Aczu \/ Kasia Safian<\/p>\n\n\n\n<p>Olga Serdelska-P\u0142ot &#8211; Dorota Salamo\u0144czyk \/ Alicja Kalemba<\/p>\n\n\n\n<p>Norbert Klauzurski &#8211; Filip Borowiak \/ Mateusz Paszkiewicz<\/p>\n\n\n\n<p>Klata Genowefa &#8211; Sylwia Pietrowiak<\/p>\n\n\n\n<p>Tadeusz Mania Grotewski &#8211; Monika Chuda \/ Hanna Babicka<\/p>\n\n\n\n<p><strong>Scenariusz:<\/strong> Krzysztof Skibski<\/p>\n\n\n\n<p><strong>Re\u017cyseria:<\/strong> Krzysztof Skibski; Tomasz Zajcher<\/p>\n\n\n\n<p><strong>Scenografia:<\/strong> Sylwia Pietrowiak; Tomasz Zajcher<\/p>\n\n\n\n<p><strong>Kostiumy:<\/strong> Sylwia Pietrowiak; Tomasz Zajcher ; Monika Chuda<\/p>\n\n\n\n<p><strong>Muzyka:<\/strong> Bartek Krywczuk<\/p>\n\n\n\n<p><a rel=\"noreferrer noopener\" href=\"https:\/\/soundcloud.com\/krywczuk\" target=\"_blank\">Krywczuk<\/a> \u00b7 <a rel=\"noreferrer noopener\" href=\"https:\/\/soundcloud.com\/krywczuk\/teatroza-z-t-sknoty-z-braku\" target=\"_blank\">Teatroza &#8211; Z t\u0119sknoty z braku<\/a><\/p>\n\n\n\n<figure class=\"wp-container-2 wp-block-gallery-1 wp-block-gallery has-nested-images columns-default is-cropped\">\n<figure class=\"wp-block-image size-large\"><img loading=\"lazy\" width=\"768\" height=\"1024\" data-id=\"1001\"  src=\"https:\/\/uprzyjaciol.pl\/theatrum\/wp-content\/uploads\/2022\/05\/9-768x1024.jpg\" alt=\"\" class=\"wp-image-1001\" srcset=\"https:\/\/uprzyjaciol.pl\/theatrum\/wp-content\/uploads\/2022\/05\/9-768x1024.jpg 768w, https:\/\/uprzyjaciol.pl\/theatrum\/wp-content\/uploads\/2022\/05\/9-225x300.jpg 225w, https:\/\/uprzyjaciol.pl\/theatrum\/wp-content\/uploads\/2022\/05\/9.jpg 800w\" sizes=\"(max-width: 768px) 100vw, 768px\" \/><\/figure>\n\n\n\n<figure class=\"wp-block-image size-full\"><img loading=\"lazy\" width=\"800\" height=\"930\" data-id=\"999\"  src=\"https:\/\/uprzyjaciol.pl\/theatrum\/wp-content\/uploads\/2022\/05\/12-1.jpg\" alt=\"\" class=\"wp-image-999\" srcset=\"https:\/\/uprzyjaciol.pl\/theatrum\/wp-content\/uploads\/2022\/05\/12-1.jpg 800w, https:\/\/uprzyjaciol.pl\/theatrum\/wp-content\/uploads\/2022\/05\/12-1-258x300.jpg 258w, https:\/\/uprzyjaciol.pl\/theatrum\/wp-content\/uploads\/2022\/05\/12-1-768x893.jpg 768w\" sizes=\"(max-width: 800px) 100vw, 800px\" \/><\/figure>\n\n\n\n<figure class=\"wp-block-image size-full\"><img loading=\"lazy\" width=\"800\" height=\"828\" data-id=\"1003\"  src=\"https:\/\/uprzyjaciol.pl\/theatrum\/wp-content\/uploads\/2022\/05\/18-1.jpg\" alt=\"\" class=\"wp-image-1003\" srcset=\"https:\/\/uprzyjaciol.pl\/theatrum\/wp-content\/uploads\/2022\/05\/18-1.jpg 800w, https:\/\/uprzyjaciol.pl\/theatrum\/wp-content\/uploads\/2022\/05\/18-1-290x300.jpg 290w, https:\/\/uprzyjaciol.pl\/theatrum\/wp-content\/uploads\/2022\/05\/18-1-768x795.jpg 768w\" sizes=\"(max-width: 800px) 100vw, 800px\" \/><\/figure>\n\n\n\n<figure class=\"wp-block-image size-full\"><img loading=\"lazy\" width=\"800\" height=\"405\" data-id=\"1000\"  src=\"https:\/\/uprzyjaciol.pl\/theatrum\/wp-content\/uploads\/2022\/05\/22.jpg\" alt=\"\" class=\"wp-image-1000\" srcset=\"https:\/\/uprzyjaciol.pl\/theatrum\/wp-content\/uploads\/2022\/05\/22.jpg 800w, https:\/\/uprzyjaciol.pl\/theatrum\/wp-content\/uploads\/2022\/05\/22-300x152.jpg 300w, https:\/\/uprzyjaciol.pl\/theatrum\/wp-content\/uploads\/2022\/05\/22-768x389.jpg 768w\" sizes=\"(max-width: 800px) 100vw, 800px\" \/><\/figure>\n\n\n\n<figure class=\"wp-block-image size-full\"><img loading=\"lazy\" width=\"800\" height=\"671\" data-id=\"998\"  src=\"https:\/\/uprzyjaciol.pl\/theatrum\/wp-content\/uploads\/2022\/05\/23-1.jpg\" alt=\"\" class=\"wp-image-998\" srcset=\"https:\/\/uprzyjaciol.pl\/theatrum\/wp-content\/uploads\/2022\/05\/23-1.jpg 800w, https:\/\/uprzyjaciol.pl\/theatrum\/wp-content\/uploads\/2022\/05\/23-1-300x252.jpg 300w, https:\/\/uprzyjaciol.pl\/theatrum\/wp-content\/uploads\/2022\/05\/23-1-768x644.jpg 768w\" sizes=\"(max-width: 800px) 100vw, 800px\" \/><\/figure>\n\n\n\n<figure class=\"wp-block-image size-full\"><img loading=\"lazy\" width=\"800\" height=\"588\" data-id=\"1002\"  src=\"https:\/\/uprzyjaciol.pl\/theatrum\/wp-content\/uploads\/2022\/05\/29.jpg\" alt=\"\" class=\"wp-image-1002\" srcset=\"https:\/\/uprzyjaciol.pl\/theatrum\/wp-content\/uploads\/2022\/05\/29.jpg 800w, https:\/\/uprzyjaciol.pl\/theatrum\/wp-content\/uploads\/2022\/05\/29-300x221.jpg 300w, https:\/\/uprzyjaciol.pl\/theatrum\/wp-content\/uploads\/2022\/05\/29-768x564.jpg 768w\" sizes=\"(max-width: 800px) 100vw, 800px\" \/><\/figure>\n\n\n\n<figure class=\"wp-block-image size-full\"><img loading=\"lazy\" width=\"800\" height=\"601\" data-id=\"1004\"  src=\"https:\/\/uprzyjaciol.pl\/theatrum\/wp-content\/uploads\/2022\/05\/30.jpg\" alt=\"\" class=\"wp-image-1004\" srcset=\"https:\/\/uprzyjaciol.pl\/theatrum\/wp-content\/uploads\/2022\/05\/30.jpg 800w, https:\/\/uprzyjaciol.pl\/theatrum\/wp-content\/uploads\/2022\/05\/30-300x225.jpg 300w, https:\/\/uprzyjaciol.pl\/theatrum\/wp-content\/uploads\/2022\/05\/30-768x577.jpg 768w\" sizes=\"(max-width: 800px) 100vw, 800px\" \/><\/figure>\n\n\n\n<figure class=\"wp-block-image size-large\"><img loading=\"lazy\" width=\"1024\" height=\"683\" data-id=\"1005\"  src=\"https:\/\/uprzyjaciol.pl\/theatrum\/wp-content\/uploads\/2022\/05\/rek_01-1024x683.jpg\" alt=\"\" class=\"wp-image-1005\" srcset=\"https:\/\/uprzyjaciol.pl\/theatrum\/wp-content\/uploads\/2022\/05\/rek_01-1024x683.jpg 1024w, https:\/\/uprzyjaciol.pl\/theatrum\/wp-content\/uploads\/2022\/05\/rek_01-300x200.jpg 300w, https:\/\/uprzyjaciol.pl\/theatrum\/wp-content\/uploads\/2022\/05\/rek_01-768x512.jpg 768w, https:\/\/uprzyjaciol.pl\/theatrum\/wp-content\/uploads\/2022\/05\/rek_01-1536x1025.jpg 1536w, https:\/\/uprzyjaciol.pl\/theatrum\/wp-content\/uploads\/2022\/05\/rek_01.jpg 2048w\" sizes=\"(max-width: 1024px) 100vw, 1024px\" \/><\/figure>\n\n\n\n<figure class=\"wp-block-image size-full\"><img loading=\"lazy\" width=\"960\" height=\"742\" data-id=\"1006\"  src=\"https:\/\/uprzyjaciol.pl\/theatrum\/wp-content\/uploads\/2022\/05\/rek_02.jpg\" alt=\"\" class=\"wp-image-1006\" srcset=\"https:\/\/uprzyjaciol.pl\/theatrum\/wp-content\/uploads\/2022\/05\/rek_02.jpg 960w, https:\/\/uprzyjaciol.pl\/theatrum\/wp-content\/uploads\/2022\/05\/rek_02-300x232.jpg 300w, https:\/\/uprzyjaciol.pl\/theatrum\/wp-content\/uploads\/2022\/05\/rek_02-768x594.jpg 768w\" sizes=\"(max-width: 960px) 100vw, 960px\" \/><\/figure>\n\n\n\n<figure class=\"wp-block-image size-large\"><img loading=\"lazy\" width=\"1024\" height=\"683\" data-id=\"1007\"  src=\"https:\/\/uprzyjaciol.pl\/theatrum\/wp-content\/uploads\/2022\/05\/rek_03-1024x683.jpg\" alt=\"\" class=\"wp-image-1007\" srcset=\"https:\/\/uprzyjaciol.pl\/theatrum\/wp-content\/uploads\/2022\/05\/rek_03-1024x683.jpg 1024w, https:\/\/uprzyjaciol.pl\/theatrum\/wp-content\/uploads\/2022\/05\/rek_03-300x200.jpg 300w, https:\/\/uprzyjaciol.pl\/theatrum\/wp-content\/uploads\/2022\/05\/rek_03-768x512.jpg 768w, https:\/\/uprzyjaciol.pl\/theatrum\/wp-content\/uploads\/2022\/05\/rek_03-1536x1025.jpg 1536w, https:\/\/uprzyjaciol.pl\/theatrum\/wp-content\/uploads\/2022\/05\/rek_03.jpg 2048w\" sizes=\"(max-width: 1024px) 100vw, 1024px\" \/><\/figure>\n\n\n\n<figure class=\"wp-block-image size-large\"><img loading=\"lazy\" width=\"1024\" height=\"683\" data-id=\"1008\"  src=\"https:\/\/uprzyjaciol.pl\/theatrum\/wp-content\/uploads\/2022\/05\/rek_04-1024x683.jpg\" alt=\"\" class=\"wp-image-1008\" srcset=\"https:\/\/uprzyjaciol.pl\/theatrum\/wp-content\/uploads\/2022\/05\/rek_04-1024x683.jpg 1024w, https:\/\/uprzyjaciol.pl\/theatrum\/wp-content\/uploads\/2022\/05\/rek_04-300x200.jpg 300w, https:\/\/uprzyjaciol.pl\/theatrum\/wp-content\/uploads\/2022\/05\/rek_04-768x512.jpg 768w, https:\/\/uprzyjaciol.pl\/theatrum\/wp-content\/uploads\/2022\/05\/rek_04-1536x1025.jpg 1536w, https:\/\/uprzyjaciol.pl\/theatrum\/wp-content\/uploads\/2022\/05\/rek_04.jpg 2048w\" sizes=\"(max-width: 1024px) 100vw, 1024px\" \/><\/figure>\n<\/figure>\n","protected":false},"excerpt":{"rendered":"<p>SCENA KOMEDIOWAPREMIERA: 7 kwietnia 2011 rokuWZNOWIENIE TYTU\u0141U: 31 grudnia 2017 rokuCzas trwania: 60 minutSPEKTAKL ARCHIWALNY Cisza! Pusta przestrze\u0144, czyli najlepsze warunki dla narodzenia si\u0119 sztuki! Emanacja z przetworzeniem, cz\u0142owiek aktorny, kt\u00f3ry ma wyrazi\u0107 sob\u0105 wszystko to, czego nie spos\u00f3b do\u015bwiadczy\u0107 w neurotycznym mydleniu si\u0119 czy degustacji ryby po rzeszowsku. Dzi\u015b o aktorstwie m\u00f3wi si\u0119 bez<\/p>\n<div><a class=\"btn-filled btn\" href=\"https:\/\/uprzyjaciol.pl\/theatrum\/spektakle\/premiery\/rekrutremy\/\" title=\"Rekrutremy\">Dowiedz si\u0119 wi\u0119cej<\/a><\/div>\n","protected":false},"author":3,"featured_media":0,"parent":56,"menu_order":0,"comment_status":"closed","ping_status":"closed","template":"","meta":[],"_links":{"self":[{"href":"https:\/\/uprzyjaciol.pl\/theatrum\/wp-json\/wp\/v2\/pages\/996"}],"collection":[{"href":"https:\/\/uprzyjaciol.pl\/theatrum\/wp-json\/wp\/v2\/pages"}],"about":[{"href":"https:\/\/uprzyjaciol.pl\/theatrum\/wp-json\/wp\/v2\/types\/page"}],"author":[{"embeddable":true,"href":"https:\/\/uprzyjaciol.pl\/theatrum\/wp-json\/wp\/v2\/users\/3"}],"replies":[{"embeddable":true,"href":"https:\/\/uprzyjaciol.pl\/theatrum\/wp-json\/wp\/v2\/comments?post=996"}],"version-history":[{"count":2,"href":"https:\/\/uprzyjaciol.pl\/theatrum\/wp-json\/wp\/v2\/pages\/996\/revisions"}],"predecessor-version":[{"id":1291,"href":"https:\/\/uprzyjaciol.pl\/theatrum\/wp-json\/wp\/v2\/pages\/996\/revisions\/1291"}],"up":[{"embeddable":true,"href":"https:\/\/uprzyjaciol.pl\/theatrum\/wp-json\/wp\/v2\/pages\/56"}],"wp:attachment":[{"href":"https:\/\/uprzyjaciol.pl\/theatrum\/wp-json\/wp\/v2\/media?parent=996"}],"curies":[{"name":"wp","href":"https:\/\/api.w.org\/{rel}","templated":true}]}}