{"id":622,"date":"2021-08-11T11:48:35","date_gmt":"2021-08-11T09:48:35","guid":{"rendered":"https:\/\/uprzyjaciol.pl\/theatrum\/?page_id=622"},"modified":"2021-08-11T11:48:39","modified_gmt":"2021-08-11T09:48:39","slug":"malgorzata-helena-rucinska","status":"publish","type":"page","link":"https:\/\/uprzyjaciol.pl\/theatrum\/teatr\/trupa-teatralna\/malgorzata-helena-rucinska\/","title":{"rendered":"Ma\u0142gorzata Helena Ruci\u0144ska"},"content":{"rendered":"\n<figure class=\"wp-block-image size-full\"><img loading=\"lazy\" width=\"404\" height=\"404\" src=\"https:\/\/uprzyjaciol.pl\/theatrum\/wp-content\/uploads\/2021\/08\/malgorzata-helena-rucinska.jpg\" alt=\"\" class=\"wp-image-623\" srcset=\"https:\/\/uprzyjaciol.pl\/theatrum\/wp-content\/uploads\/2021\/08\/malgorzata-helena-rucinska.jpg 404w, https:\/\/uprzyjaciol.pl\/theatrum\/wp-content\/uploads\/2021\/08\/malgorzata-helena-rucinska-300x300.jpg 300w, https:\/\/uprzyjaciol.pl\/theatrum\/wp-content\/uploads\/2021\/08\/malgorzata-helena-rucinska-150x150.jpg 150w\" sizes=\"(max-width: 404px) 100vw, 404px\" \/><\/figure>\n\n\n\n<p>W Teatrze u Przyjaci\u00f3\u0142 od 2012 do 2013 roku. Aktorka, absolwentka Wielkopolskiej Szko\u0142y Medycznej w Poznaniu, aktualnie studentka ROE na kierunku Organizacja Produkcji Filmowej i Telewizyjnej a tak\u017ce pantomimy na Pa\u0144stwowym Pomaturalnym Studium Kszta\u0142cenia Animator\u00f3w Kultury i Bibliotekarzy we Wroc\u0142awiu.<\/p>\n\n\n\n<p><strong>Role w Teatrze &#8222;U Przyjaci\u00f3\u0142&#8221;:<\/strong><\/p>\n\n\n\n<p>Lola, Dziewczyna ucz\u0105ca si\u0119 \u2013 \u201eFobie\u201d (2012)<\/p>\n\n\n\n<p>Tirli Bim \u2013 \u201eAlicja w lustrach\u201d (2012)<\/p>\n\n\n\n<p>Panna Douce, Molly Bloom \u2013 \u201eBloomsday\u201d (2012, 2013)<\/p>\n\n\n\n<p>Akne, krytyk, sekundant, turystka z Niemiec \u2013 \u201eVitcatius\u201d (2012 \u2013 2013)<\/p>\n\n\n\n<p>Wera \u2013 \u201eNiebostrzyg\u201d (2012 \u2013 2014)<\/p>\n\n\n\n<p>JA \u2013 \u201eGomber\u201d (2013)<\/p>\n","protected":false},"excerpt":{"rendered":"<p>W Teatrze u Przyjaci\u00f3\u0142 od 2012 do 2013 roku. Aktorka, absolwentka Wielkopolskiej Szko\u0142y Medycznej w Poznaniu, aktualnie studentka ROE na kierunku Organizacja Produkcji Filmowej i Telewizyjnej a tak\u017ce pantomimy na Pa\u0144stwowym Pomaturalnym Studium Kszta\u0142cenia Animator\u00f3w Kultury i Bibliotekarzy we Wroc\u0142awiu. Role w Teatrze &#8222;U Przyjaci\u00f3\u0142&#8221;: Lola, Dziewczyna ucz\u0105ca si\u0119 \u2013 \u201eFobie\u201d (2012) Tirli Bim \u2013<\/p>\n<div><a class=\"btn-filled btn\" href=\"https:\/\/uprzyjaciol.pl\/theatrum\/teatr\/trupa-teatralna\/malgorzata-helena-rucinska\/\" title=\"Ma\u0142gorzata Helena Ruci\u0144ska\">Dowiedz si\u0119 wi\u0119cej<\/a><\/div>\n","protected":false},"author":6,"featured_media":0,"parent":26,"menu_order":0,"comment_status":"closed","ping_status":"closed","template":"","meta":[],"_links":{"self":[{"href":"https:\/\/uprzyjaciol.pl\/theatrum\/wp-json\/wp\/v2\/pages\/622"}],"collection":[{"href":"https:\/\/uprzyjaciol.pl\/theatrum\/wp-json\/wp\/v2\/pages"}],"about":[{"href":"https:\/\/uprzyjaciol.pl\/theatrum\/wp-json\/wp\/v2\/types\/page"}],"author":[{"embeddable":true,"href":"https:\/\/uprzyjaciol.pl\/theatrum\/wp-json\/wp\/v2\/users\/6"}],"replies":[{"embeddable":true,"href":"https:\/\/uprzyjaciol.pl\/theatrum\/wp-json\/wp\/v2\/comments?post=622"}],"version-history":[{"count":1,"href":"https:\/\/uprzyjaciol.pl\/theatrum\/wp-json\/wp\/v2\/pages\/622\/revisions"}],"predecessor-version":[{"id":624,"href":"https:\/\/uprzyjaciol.pl\/theatrum\/wp-json\/wp\/v2\/pages\/622\/revisions\/624"}],"up":[{"embeddable":true,"href":"https:\/\/uprzyjaciol.pl\/theatrum\/wp-json\/wp\/v2\/pages\/26"}],"wp:attachment":[{"href":"https:\/\/uprzyjaciol.pl\/theatrum\/wp-json\/wp\/v2\/media?parent=622"}],"curies":[{"name":"wp","href":"https:\/\/api.w.org\/{rel}","templated":true}]}}