{"id":549,"date":"2021-08-06T12:47:13","date_gmt":"2021-08-06T10:47:13","guid":{"rendered":"https:\/\/uprzyjaciol.pl\/theatrum\/?page_id=549"},"modified":"2021-08-06T12:47:16","modified_gmt":"2021-08-06T10:47:16","slug":"bartek-krywczuk","status":"publish","type":"page","link":"https:\/\/uprzyjaciol.pl\/theatrum\/teatr\/trupa-teatralna\/bartek-krywczuk\/","title":{"rendered":"Bartek Krywczuk"},"content":{"rendered":"\n<figure class=\"wp-block-image size-full\"><img loading=\"lazy\" width=\"398\" height=\"403\" src=\"https:\/\/uprzyjaciol.pl\/theatrum\/wp-content\/uploads\/2021\/08\/bartek-krywczuk.jpg\" alt=\"\" class=\"wp-image-550\" srcset=\"https:\/\/uprzyjaciol.pl\/theatrum\/wp-content\/uploads\/2021\/08\/bartek-krywczuk.jpg 398w, https:\/\/uprzyjaciol.pl\/theatrum\/wp-content\/uploads\/2021\/08\/bartek-krywczuk-296x300.jpg 296w\" sizes=\"(max-width: 398px) 100vw, 398px\" \/><\/figure>\n\n\n\n<p><em>Uwa\u017cam, \u017ce powietrze z muzyk\u0105 jest lepsze<\/em><\/p>\n\n\n\n<p>W Teatrze U Przyjaci\u00f3\u0142 od 2003 roku.&nbsp;<\/p>\n\n\n\n<p>Kompozytor, muzyk, aktor, autor scenariuszy&nbsp;teatralnych.<\/p>\n\n\n\n<p><strong>Autor muzyki:<\/strong><\/p>\n\n\n\n<p><strong><\/strong>&#8222;Senne \u0142agonde prze\u015bwity&#8221; (2008)<\/p>\n\n\n\n<p>&nbsp;&#8222;Magistryton&#8221; (2010)<\/p>\n\n\n\n<p>&#8222;Teatroza&#8221; (2010)<\/p>\n\n\n\n<p>&#8222;Rekrutremy&#8221; (2011)<\/p>\n\n\n\n<p>&#8222;Bywalcy Absurdutu&#8221; (2011)<\/p>\n\n\n\n<p>&#8222;Fobie&#8221; (2012)<\/p>\n\n\n\n<p>\u201eAlicja w lustrach\u201d (2012)<\/p>\n\n\n\n<p>\u201eVitcatius\u201d (2012)<\/p>\n\n\n\n<p>\u201eNiebostrzyg\u201d (2012)<\/p>\n\n\n\n<p>\u201eOstatnia ucieczka Brunona Schulza\u201d (2012)<\/p>\n\n\n\n<p>\u201eGomber\u201d (2013)<\/p>\n\n\n\n<p>&#8222;K.&#8221; (2014)<\/p>\n\n\n\n<p>&#8222;IP_Istnienia Poszczeg\u00f3lne&#8221; (2016)<\/p>\n","protected":false},"excerpt":{"rendered":"<p>Uwa\u017cam, \u017ce powietrze z muzyk\u0105 jest lepsze W Teatrze U Przyjaci\u00f3\u0142 od 2003 roku.&nbsp; Kompozytor, muzyk, aktor, autor scenariuszy&nbsp;teatralnych. Autor muzyki: &#8222;Senne \u0142agonde prze\u015bwity&#8221; (2008) &nbsp;&#8222;Magistryton&#8221; (2010) &#8222;Teatroza&#8221; (2010) &#8222;Rekrutremy&#8221; (2011) &#8222;Bywalcy Absurdutu&#8221; (2011) &#8222;Fobie&#8221; (2012) \u201eAlicja w lustrach\u201d (2012) \u201eVitcatius\u201d (2012) \u201eNiebostrzyg\u201d (2012) \u201eOstatnia ucieczka Brunona Schulza\u201d (2012) \u201eGomber\u201d (2013) &#8222;K.&#8221; (2014) &#8222;IP_Istnienia Poszczeg\u00f3lne&#8221;<\/p>\n<div><a class=\"btn-filled btn\" href=\"https:\/\/uprzyjaciol.pl\/theatrum\/teatr\/trupa-teatralna\/bartek-krywczuk\/\" title=\"Bartek Krywczuk\">Dowiedz si\u0119 wi\u0119cej<\/a><\/div>\n","protected":false},"author":6,"featured_media":0,"parent":26,"menu_order":0,"comment_status":"closed","ping_status":"closed","template":"","meta":[],"_links":{"self":[{"href":"https:\/\/uprzyjaciol.pl\/theatrum\/wp-json\/wp\/v2\/pages\/549"}],"collection":[{"href":"https:\/\/uprzyjaciol.pl\/theatrum\/wp-json\/wp\/v2\/pages"}],"about":[{"href":"https:\/\/uprzyjaciol.pl\/theatrum\/wp-json\/wp\/v2\/types\/page"}],"author":[{"embeddable":true,"href":"https:\/\/uprzyjaciol.pl\/theatrum\/wp-json\/wp\/v2\/users\/6"}],"replies":[{"embeddable":true,"href":"https:\/\/uprzyjaciol.pl\/theatrum\/wp-json\/wp\/v2\/comments?post=549"}],"version-history":[{"count":1,"href":"https:\/\/uprzyjaciol.pl\/theatrum\/wp-json\/wp\/v2\/pages\/549\/revisions"}],"predecessor-version":[{"id":551,"href":"https:\/\/uprzyjaciol.pl\/theatrum\/wp-json\/wp\/v2\/pages\/549\/revisions\/551"}],"up":[{"embeddable":true,"href":"https:\/\/uprzyjaciol.pl\/theatrum\/wp-json\/wp\/v2\/pages\/26"}],"wp:attachment":[{"href":"https:\/\/uprzyjaciol.pl\/theatrum\/wp-json\/wp\/v2\/media?parent=549"}],"curies":[{"name":"wp","href":"https:\/\/api.w.org\/{rel}","templated":true}]}}