{"id":540,"date":"2021-08-06T12:44:41","date_gmt":"2021-08-06T10:44:41","guid":{"rendered":"https:\/\/uprzyjaciol.pl\/theatrum\/?page_id=540"},"modified":"2021-08-06T12:44:47","modified_gmt":"2021-08-06T10:44:47","slug":"krzysztof-kawula","status":"publish","type":"page","link":"https:\/\/uprzyjaciol.pl\/theatrum\/teatr\/trupa-teatralna\/krzysztof-kawula\/","title":{"rendered":"Krzysztof Kawula"},"content":{"rendered":"\n<figure class=\"wp-block-image size-full\"><img loading=\"lazy\" width=\"960\" height=\"787\" src=\"https:\/\/uprzyjaciol.pl\/theatrum\/wp-content\/uploads\/2021\/08\/krzysztof-kawula.jpg\" alt=\"\" class=\"wp-image-541\" srcset=\"https:\/\/uprzyjaciol.pl\/theatrum\/wp-content\/uploads\/2021\/08\/krzysztof-kawula.jpg 960w, https:\/\/uprzyjaciol.pl\/theatrum\/wp-content\/uploads\/2021\/08\/krzysztof-kawula-300x246.jpg 300w, https:\/\/uprzyjaciol.pl\/theatrum\/wp-content\/uploads\/2021\/08\/krzysztof-kawula-768x630.jpg 768w\" sizes=\"(max-width: 960px) 100vw, 960px\" \/><\/figure>\n\n\n\n<p>W Zespole Teatru &#8222;U Przyjaci\u00f3\u0142&#8221; od 2017 do 2019 roku.<\/p>\n\n\n\n<p><strong>Realizator \u015bwiat\u0142a\/d\u017cwi\u0119ku:<\/strong><\/p>\n\n\n\n<p>&#8222;Wariat i zakonnica (dementia praecox)&#8221; (2017-2019)<\/p>\n\n\n\n<p><strong>Role aktorskie:<\/strong><\/p>\n\n\n\n<p>Cie\u0144 Kr\u00f3la\/Diab\u0142a\/S\u0142once-Noc &#8222;Legenda o \u015bwi\u0119tym Patryku&#8221; (2018)<\/p>\n","protected":false},"excerpt":{"rendered":"<p>W Zespole Teatru &#8222;U Przyjaci\u00f3\u0142&#8221; od 2017 do 2019 roku. Realizator \u015bwiat\u0142a\/d\u017cwi\u0119ku: &#8222;Wariat i zakonnica (dementia praecox)&#8221; (2017-2019) Role aktorskie: Cie\u0144 Kr\u00f3la\/Diab\u0142a\/S\u0142once-Noc &#8222;Legenda o \u015bwi\u0119tym Patryku&#8221; (2018)<\/p>\n","protected":false},"author":6,"featured_media":0,"parent":26,"menu_order":0,"comment_status":"closed","ping_status":"closed","template":"","meta":[],"_links":{"self":[{"href":"https:\/\/uprzyjaciol.pl\/theatrum\/wp-json\/wp\/v2\/pages\/540"}],"collection":[{"href":"https:\/\/uprzyjaciol.pl\/theatrum\/wp-json\/wp\/v2\/pages"}],"about":[{"href":"https:\/\/uprzyjaciol.pl\/theatrum\/wp-json\/wp\/v2\/types\/page"}],"author":[{"embeddable":true,"href":"https:\/\/uprzyjaciol.pl\/theatrum\/wp-json\/wp\/v2\/users\/6"}],"replies":[{"embeddable":true,"href":"https:\/\/uprzyjaciol.pl\/theatrum\/wp-json\/wp\/v2\/comments?post=540"}],"version-history":[{"count":1,"href":"https:\/\/uprzyjaciol.pl\/theatrum\/wp-json\/wp\/v2\/pages\/540\/revisions"}],"predecessor-version":[{"id":542,"href":"https:\/\/uprzyjaciol.pl\/theatrum\/wp-json\/wp\/v2\/pages\/540\/revisions\/542"}],"up":[{"embeddable":true,"href":"https:\/\/uprzyjaciol.pl\/theatrum\/wp-json\/wp\/v2\/pages\/26"}],"wp:attachment":[{"href":"https:\/\/uprzyjaciol.pl\/theatrum\/wp-json\/wp\/v2\/media?parent=540"}],"curies":[{"name":"wp","href":"https:\/\/api.w.org\/{rel}","templated":true}]}}

<figure class="wp-block-image size-full"><img loading="lazy" width="960" height="787" src="https://uprzyjaciol.pl/theatrum/wp-content/uploads/2021/08/krzysztof-kawula.jpg" alt="" class="wp-image-541" srcset="https://uprzyjaciol.pl/theatrum/wp-content/uploads/2021/08/krzysztof-kawula.jpg 960w, https://uprzyjaciol.pl/theatrum/wp-content/uploads/2021/08/krzysztof-kawula-300x246.jpg 300w, https://uprzyjaciol.pl/theatrum/wp-content/uploads/2021/08/krzysztof-kawula-768x630.jpg 768w" sizes="(max-width: 960px) 100vw, 960px" /></figure>



<p>W Zespole Teatru &#8222;U Przyjaciół&#8221; od 2017 do 2019 roku.</p>



<p><strong>Realizator światła/dżwięku:</strong></p>



<p>&#8222;Wariat i zakonnica (dementia praecox)&#8221; (2017-2019)</p>



<p><strong>Role aktorskie:</strong></p>



<p>Cień Króla/Diabła/Słonce-Noc &#8222;Legenda o świętym Patryku&#8221; (2018)</p>

<p>W Zespole Teatru &#8222;U Przyjaciół&#8221; od 2017 do 2019 roku. Realizator światła/dżwięku: &#8222;Wariat i zakonnica (dementia praecox)&#8221; (2017-2019) Role aktorskie: Cień Króla/Diabła/Słonce-Noc &#8222;Legenda o świętym Patryku&#8221; (2018)</p>
