{"id":523,"date":"2021-08-05T15:14:27","date_gmt":"2021-08-05T13:14:27","guid":{"rendered":"https:\/\/uprzyjaciol.pl\/theatrum\/?page_id=523"},"modified":"2021-08-05T15:14:30","modified_gmt":"2021-08-05T13:14:30","slug":"lukasz-garbacz","status":"publish","type":"page","link":"https:\/\/uprzyjaciol.pl\/theatrum\/teatr\/trupa-teatralna\/lukasz-garbacz\/","title":{"rendered":"\u0141ukasz Garbacz"},"content":{"rendered":"\n<p>W Zespole Teatru &#8222;U Przyjaci\u00f3\u0142&#8221; od 2018 roku.<\/p>\n\n\n\n<p><strong>Realizator \u015bwiat\u0142a\/d\u017cwi\u0119ku:<\/strong><\/p>\n\n\n\n<p>Legenda o \u015bwi\u0119tym Patryku (2018)<\/p>\n\n\n\n<p>Sherlock Holmes &#8211; Dolina strachu (2018)<\/p>\n\n\n\n<p>Ulisses (2018)<\/p>\n\n\n\n<p>Ascendium (2019)<\/p>\n","protected":false},"excerpt":{"rendered":"<p>W Zespole Teatru &#8222;U Przyjaci\u00f3\u0142&#8221; od 2018 roku. Realizator \u015bwiat\u0142a\/d\u017cwi\u0119ku: Legenda o \u015bwi\u0119tym Patryku (2018) Sherlock Holmes &#8211; Dolina strachu (2018) Ulisses (2018) Ascendium (2019)<\/p>\n","protected":false},"author":6,"featured_media":0,"parent":26,"menu_order":0,"comment_status":"closed","ping_status":"closed","template":"","meta":[],"_links":{"self":[{"href":"https:\/\/uprzyjaciol.pl\/theatrum\/wp-json\/wp\/v2\/pages\/523"}],"collection":[{"href":"https:\/\/uprzyjaciol.pl\/theatrum\/wp-json\/wp\/v2\/pages"}],"about":[{"href":"https:\/\/uprzyjaciol.pl\/theatrum\/wp-json\/wp\/v2\/types\/page"}],"author":[{"embeddable":true,"href":"https:\/\/uprzyjaciol.pl\/theatrum\/wp-json\/wp\/v2\/users\/6"}],"replies":[{"embeddable":true,"href":"https:\/\/uprzyjaciol.pl\/theatrum\/wp-json\/wp\/v2\/comments?post=523"}],"version-history":[{"count":1,"href":"https:\/\/uprzyjaciol.pl\/theatrum\/wp-json\/wp\/v2\/pages\/523\/revisions"}],"predecessor-version":[{"id":524,"href":"https:\/\/uprzyjaciol.pl\/theatrum\/wp-json\/wp\/v2\/pages\/523\/revisions\/524"}],"up":[{"embeddable":true,"href":"https:\/\/uprzyjaciol.pl\/theatrum\/wp-json\/wp\/v2\/pages\/26"}],"wp:attachment":[{"href":"https:\/\/uprzyjaciol.pl\/theatrum\/wp-json\/wp\/v2\/media?parent=523"}],"curies":[{"name":"wp","href":"https:\/\/api.w.org\/{rel}","templated":true}]}}