{"id":52,"date":"2021-02-11T12:37:00","date_gmt":"2021-02-11T11:37:00","guid":{"rendered":"https:\/\/uprzyjaciol.pl\/theatrum\/?page_id=52"},"modified":"2026-02-10T10:06:06","modified_gmt":"2026-02-10T09:06:06","slug":"spektakle","status":"publish","type":"page","link":"https:\/\/uprzyjaciol.pl\/theatrum\/spektakle\/","title":{"rendered":"Spektakle"},"content":{"rendered":"\n<figure class=\"wp-block-table is-style-stripes\"><table  class=\" table table-hover\" ><tbody><tr><td class=\"has-text-align-center\" data-align=\"center\"><strong>SCENA<\/strong><br><strong>dramatyczna<\/strong><\/td><td class=\"has-text-align-center\" data-align=\"center\">&nbsp;<strong>SCENA<\/strong><br><strong>komediowa<br>&nbsp;<\/strong><\/td><td class=\"has-text-align-center\" data-align=\"center\"><strong>SCENA<\/strong><br><strong>komediodramatyczna<\/strong><\/td><\/tr><tr><td class=\"has-text-align-center\" data-align=\"center\"><a href=\"https:\/\/uprzyjaciol.pl\/theatrum\/spektakle\/premiery\/kafka\/\">Kafka<\/a><br>premiera: 20.03.2026<\/td><td class=\"has-text-align-center\" data-align=\"center\"><a href=\"https:\/\/uprzyjaciol.pl\/theatrum\/witkacy-variete\/\">Witkacy-Variete<\/a><br>premiera: 18.09.2025<\/td><td class=\"has-text-align-center\" data-align=\"center\"><strong><strong><a href=\"https:\/\/uprzyjaciol.pl\/theatrum\/spektakle\/premiery\/sherlock-holmes\/\">Sherlock Holmes<\/a><\/strong><\/strong><br>premiera: 22.03.2018<br>wznowienie: 13.12.2019<\/td><\/tr><tr><td class=\"has-text-align-center\" data-align=\"center\"><a href=\"https:\/\/uprzyjaciol.pl\/theatrum\/nie-zapomnisz\/\">Nie zapomnisz<\/a><br>premiera: 25.05.2024<\/td><td class=\"has-text-align-center\" data-align=\"center\"><strong><a href=\"https:\/\/uprzyjaciol.pl\/theatrum\/spektakle\/premiery\/kabaret-u-przyjaciol-wiezienie\/\">Kabaret U Przyjaci\u00f3\u0142<\/a><\/strong><br>premiera: 10.12.2021<\/td><td class=\"has-text-align-center\" data-align=\"center\"><a href=\"https:\/\/uprzyjaciol.pl\/theatrum\/spektakle\/premiery\/witkacy\/\">WitKacy<\/a><br>premiera: 18.09.2012<br>(pod tyt. Vitcatius)<br>wznowienie: 17.09.2022<\/td><\/tr><tr><td class=\"has-text-align-center\" data-align=\"center\"><strong><a href=\"https:\/\/uprzyjaciol.pl\/theatrum\/spektakle\/premiery\/oddychaj\/\">Oddychaj<\/a><\/strong><br>premiera: 18.09.2021<\/td><td class=\"has-text-align-center\" data-align=\"center\"><\/td><td class=\"has-text-align-center\" data-align=\"center\"><strong><a href=\"https:\/\/uprzyjaciol.pl\/theatrum\/spektakle\/premiery\/senne-lagodne-przeswity\/\">Senne \u0142agodne prze\u015bwity<\/a><\/strong><br>premiera: 2.11.2008<br>wznowienie: 25.02.2023<\/td><\/tr><tr><td class=\"has-text-align-center\" data-align=\"center\"><strong><a href=\"https:\/\/uprzyjaciol.pl\/theatrum\/spektakle\/premiery\/dzisiaj-wyjezdzam\/\">Dzisiaj wyje\u017cd\u017cam<\/a><\/strong><br>premiera: 25.10.2018<br>wznowienie: 5.11.2020<\/td><td class=\"has-text-align-center\" data-align=\"center\"><\/td><td class=\"has-text-align-center\" data-align=\"center\"><\/td><\/tr><tr><td class=\"has-text-align-center\" data-align=\"center\"><strong><a href=\"https:\/\/uprzyjaciol.pl\/theatrum\/spektakle\/premiery\/frankenstein\/\">Frankenstein<\/a><\/strong><br>premiera: 31.05.2021<br>wznowienie: 20.04.2023<\/td><td class=\"has-text-align-center\" data-align=\"center\"><a href=\"https:\/\/uprzyjaciol.pl\/teatr\/index.php\/spektakle\/78-uprzyjaciol\/77-niebostrzyg\"><strong><br><\/strong><\/a><\/td><td class=\"has-text-align-center\" data-align=\"center\"><\/td><\/tr><tr><td class=\"has-text-align-center\" data-align=\"center\"><strong><a href=\"https:\/\/uprzyjaciol.pl\/theatrum\/spektakle\/premiery\/portret-doriana-wildea\/\">Portret Doriana Wilde&#8217;a<\/a><\/strong><br>premiera: 15.05.2019<\/td><td class=\"has-text-align-center\" data-align=\"center\"><\/td><td class=\"has-text-align-center\" data-align=\"center\"><\/td><\/tr><tr><td class=\"has-text-align-center\" data-align=\"center\"><strong><a href=\"https:\/\/uprzyjaciol.pl\/theatrum\/spektakle\/premiery\/elektra\/\">Elektra<\/a><\/strong><br>premiera 20.04.2018<strong><br><\/strong>wznowienie: 20.06.2020<\/td><td class=\"has-text-align-center\" data-align=\"center\"><\/td><td class=\"has-text-align-center\" data-align=\"center\"><\/td><\/tr><tr><td class=\"has-text-align-center\" data-align=\"center\"><strong><strong><a href=\"https:\/\/uprzyjaciol.pl\/theatrum\/spektakle\/premiery\/wariat-i-zakonnica\/\">Wariat i zakonnica<\/a><\/strong><\/strong><br>(dementia praecox)<br>premiera: 21.10.2017<br>wznowienie: 20.02.2020<\/td><td class=\"has-text-align-center\" data-align=\"center\"><\/td><td class=\"has-text-align-center\" data-align=\"center\"><\/td><\/tr><tr><td class=\"has-text-align-center\" data-align=\"center\"><strong><a href=\"https:\/\/uprzyjaciol.pl\/theatrum\/spektakle\/premiery\/ip_istnienia-poszczegolne\/\">IP_Istnienia Poszczeg\u00f3lne<\/a><\/strong><br>premiera: 28.10.2016<\/td><td class=\"has-text-align-center\" data-align=\"center\"><strong>&nbsp;<\/strong><\/td><td class=\"has-text-align-center\" data-align=\"center\"><\/td><\/tr><\/tbody><\/table><\/figure>\n","protected":false},"excerpt":{"rendered":"<p>SCENAdramatyczna &nbsp;SCENAkomediowa&nbsp; SCENAkomediodramatyczna Kafkapremiera: 20.03.2026 Witkacy-Varietepremiera: 18.09.2025 Sherlock Holmespremiera: 22.03.2018wznowienie: 13.12.2019 Nie zapomniszpremiera: 25.05.2024 Kabaret U Przyjaci\u00f3\u0142premiera: 10.12.2021 WitKacypremiera: 18.09.2012(pod tyt. Vitcatius)wznowienie: 17.09.2022 Oddychajpremiera: 18.09.2021 Senne \u0142agodne prze\u015bwitypremiera: 2.11.2008wznowienie: 25.02.2023 Dzisiaj wyje\u017cd\u017campremiera: 25.10.2018wznowienie: 5.11.2020 Frankensteinpremiera: 31.05.2021wznowienie: 20.04.2023 Portret Doriana Wilde&#8217;apremiera: 15.05.2019 Elektrapremiera 20.04.2018wznowienie: 20.06.2020 Wariat i zakonnica(dementia praecox)premiera: 21.10.2017wznowienie: 20.02.2020 IP_Istnienia Poszczeg\u00f3lnepremiera: 28.10.2016 &nbsp;<\/p>\n","protected":false},"author":6,"featured_media":0,"parent":0,"menu_order":4,"comment_status":"closed","ping_status":"closed","template":"","meta":[],"_links":{"self":[{"href":"https:\/\/uprzyjaciol.pl\/theatrum\/wp-json\/wp\/v2\/pages\/52"}],"collection":[{"href":"https:\/\/uprzyjaciol.pl\/theatrum\/wp-json\/wp\/v2\/pages"}],"about":[{"href":"https:\/\/uprzyjaciol.pl\/theatrum\/wp-json\/wp\/v2\/types\/page"}],"author":[{"embeddable":true,"href":"https:\/\/uprzyjaciol.pl\/theatrum\/wp-json\/wp\/v2\/users\/6"}],"replies":[{"embeddable":true,"href":"https:\/\/uprzyjaciol.pl\/theatrum\/wp-json\/wp\/v2\/comments?post=52"}],"version-history":[{"count":30,"href":"https:\/\/uprzyjaciol.pl\/theatrum\/wp-json\/wp\/v2\/pages\/52\/revisions"}],"predecessor-version":[{"id":2501,"href":"https:\/\/uprzyjaciol.pl\/theatrum\/wp-json\/wp\/v2\/pages\/52\/revisions\/2501"}],"wp:attachment":[{"href":"https:\/\/uprzyjaciol.pl\/theatrum\/wp-json\/wp\/v2\/media?parent=52"}],"curies":[{"name":"wp","href":"https:\/\/api.w.org\/{rel}","templated":true}]}}