{"id":514,"date":"2021-08-05T15:07:20","date_gmt":"2021-08-05T13:07:20","guid":{"rendered":"https:\/\/uprzyjaciol.pl\/theatrum\/?page_id=514"},"modified":"2021-08-05T15:07:38","modified_gmt":"2021-08-05T13:07:38","slug":"krzysztof-skibski","status":"publish","type":"page","link":"https:\/\/uprzyjaciol.pl\/theatrum\/teatr\/trupa-teatralna\/krzysztof-skibski\/","title":{"rendered":"Krzysztof Skibski"},"content":{"rendered":"\n<figure class=\"wp-block-image size-full\"><img loading=\"lazy\" width=\"960\" height=\"640\" src=\"https:\/\/uprzyjaciol.pl\/theatrum\/wp-content\/uploads\/2021\/08\/krzysztof-skibski.jpg\" alt=\"\" class=\"wp-image-515\" srcset=\"https:\/\/uprzyjaciol.pl\/theatrum\/wp-content\/uploads\/2021\/08\/krzysztof-skibski.jpg 960w, https:\/\/uprzyjaciol.pl\/theatrum\/wp-content\/uploads\/2021\/08\/krzysztof-skibski-300x200.jpg 300w, https:\/\/uprzyjaciol.pl\/theatrum\/wp-content\/uploads\/2021\/08\/krzysztof-skibski-768x512.jpg 768w\" sizes=\"(max-width: 960px) 100vw, 960px\" \/><\/figure>\n\n\n\n<p>W Teatrze U Przyjaci\u00f3\u0142 od 2003 roku. Aktor, scenarzysta, re\u017cyser. Nauczyciel akademicki na Wydziale Filologii Polskiej i Klasycznej UAM w Poznaniu.<\/p>\n\n\n\n<p><strong>Role aktorskie w Teatrze U Przyjaci\u00f3\u0142<\/strong>:<\/p>\n\n\n\n<p>Dyrygent \u2013 \u201eJesie\u0144 Witkacego\u201d (2003 \u2013 2004)<\/p>\n\n\n\n<p>Dyrygent \u2013 \u201eKoncert maszyn\u201d (2004 \u2013 2005)<\/p>\n\n\n\n<p>Szalony Kapelusznik \u2013 \u201eZwariowany podwieczorek\u201d (2004)<\/p>\n\n\n\n<p>Walpole &#8211; \u201eOpowie\u015bci niesamowite\u201d (2005) [film]<\/p>\n\n\n\n<p>Doktor D. \u2013 \u201ePrawdziwy opis przypadku pana Waldemara\u201d (2006)<\/p>\n\n\n\n<p>Anzelm Basset \u2013 \u201ePrzedwczesny pogrzeb\u201d (2006 \u2013 2011)<\/p>\n\n\n\n<p>Mnich \u2013 \u201eYMAKRAPE\u201d (2006 \u2013 2012)<\/p>\n\n\n\n<p>Philip Routeless \u2013 \u201ePami\u0119tnik\u201d (2007) [film]<\/p>\n\n\n\n<p>Pan Izydor \u2013 \u201ePasje i obsesje Teodora Astray\u201d (2007 \u2013 2009)<\/p>\n\n\n\n<p>Anzelm Basset \u2013 \u201eOpowie\u015bci niesamowite \u2013 kryptyk\u201d (2007 \u2013 2009)<\/p>\n\n\n\n<p>Dusza napuszona \u2013 \u201eAppendix\u201d (2008 \u2013 2010)<\/p>\n\n\n\n<p>Ivan \u2013 \u201eSenne \u0142agodne prze\u015bwity\u201d (2008 \u2013 2014)<\/p>\n\n\n\n<p>Ksavery Opio-Lira \u2013 \u201eTeatroza\u201d (2010 \u2013 obecnie)<\/p>\n\n\n\n<p>Kierownik \u2013 \u201eMagistryton\u201d (2010 \u2013 2012)<\/p>\n\n\n\n<p><strong>Re\u017cyseria, autorstwo scenariuszy:<\/strong><\/p>\n\n\n\n<p>\u201ePrzedwczesny pogrzeb\u201d (2006)<\/p>\n\n\n\n<p>\u201eYMAKRAPE\u201d (2006)<\/p>\n\n\n\n<p>\u201ePami\u0119tnik\u201d (2007) [film]<\/p>\n\n\n\n<p>\u201ePasje i obsesje Teodora Astray\u201d (2007)<\/p>\n\n\n\n<p>\u201eOpowie\u015bci niesamowite \u2013 kryptyk\u201d (2007)<\/p>\n\n\n\n<p>\u201eSenne \u0142agodne prze\u015bwity\u201d (2008)<\/p>\n\n\n\n<p>\u201eTeatroza\u201d (2010)<\/p>\n\n\n\n<p>\u201eMagistryton\u201d (2010)<\/p>\n\n\n\n<p>\u201eRekrutremy\u201d (2011)<\/p>\n\n\n\n<p>\u201eBywalcy Absurdutu\u201d (2011)<\/p>\n\n\n\n<p>\u201eFobie\u201d (2012)<\/p>\n\n\n\n<p><strong>Autor muzyki:<\/strong><\/p>\n\n\n\n<p>\u201eYMAKRAPE\u201d (2006)<\/p>\n\n\n\n<p><strong>Aktualnie gra w spektaklach:<\/strong>&nbsp;\u201eTeatroza&#8221;.<\/p>\n","protected":false},"excerpt":{"rendered":"<p>W Teatrze U Przyjaci\u00f3\u0142 od 2003 roku. Aktor, scenarzysta, re\u017cyser. Nauczyciel akademicki na Wydziale Filologii Polskiej i Klasycznej UAM w Poznaniu. Role aktorskie w Teatrze U Przyjaci\u00f3\u0142: Dyrygent \u2013 \u201eJesie\u0144 Witkacego\u201d (2003 \u2013 2004) Dyrygent \u2013 \u201eKoncert maszyn\u201d (2004 \u2013 2005) Szalony Kapelusznik \u2013 \u201eZwariowany podwieczorek\u201d (2004) Walpole &#8211; \u201eOpowie\u015bci niesamowite\u201d (2005) [film] Doktor D.<\/p>\n<div><a class=\"btn-filled btn\" href=\"https:\/\/uprzyjaciol.pl\/theatrum\/teatr\/trupa-teatralna\/krzysztof-skibski\/\" title=\"Krzysztof Skibski\">Dowiedz si\u0119 wi\u0119cej<\/a><\/div>\n","protected":false},"author":6,"featured_media":0,"parent":26,"menu_order":0,"comment_status":"closed","ping_status":"closed","template":"","meta":[],"_links":{"self":[{"href":"https:\/\/uprzyjaciol.pl\/theatrum\/wp-json\/wp\/v2\/pages\/514"}],"collection":[{"href":"https:\/\/uprzyjaciol.pl\/theatrum\/wp-json\/wp\/v2\/pages"}],"about":[{"href":"https:\/\/uprzyjaciol.pl\/theatrum\/wp-json\/wp\/v2\/types\/page"}],"author":[{"embeddable":true,"href":"https:\/\/uprzyjaciol.pl\/theatrum\/wp-json\/wp\/v2\/users\/6"}],"replies":[{"embeddable":true,"href":"https:\/\/uprzyjaciol.pl\/theatrum\/wp-json\/wp\/v2\/comments?post=514"}],"version-history":[{"count":1,"href":"https:\/\/uprzyjaciol.pl\/theatrum\/wp-json\/wp\/v2\/pages\/514\/revisions"}],"predecessor-version":[{"id":516,"href":"https:\/\/uprzyjaciol.pl\/theatrum\/wp-json\/wp\/v2\/pages\/514\/revisions\/516"}],"up":[{"embeddable":true,"href":"https:\/\/uprzyjaciol.pl\/theatrum\/wp-json\/wp\/v2\/pages\/26"}],"wp:attachment":[{"href":"https:\/\/uprzyjaciol.pl\/theatrum\/wp-json\/wp\/v2\/media?parent=514"}],"curies":[{"name":"wp","href":"https:\/\/api.w.org\/{rel}","templated":true}]}}