{"id":497,"date":"2021-07-29T12:14:14","date_gmt":"2021-07-29T10:14:14","guid":{"rendered":"https:\/\/uprzyjaciol.pl\/theatrum\/?page_id=497"},"modified":"2026-02-10T09:59:53","modified_gmt":"2026-02-10T08:59:53","slug":"tomasz-zajcher","status":"publish","type":"page","link":"https:\/\/uprzyjaciol.pl\/theatrum\/teatr\/trupa-teatralna\/tomasz-zajcher\/","title":{"rendered":"Tomasz Zajcher"},"content":{"rendered":"\n<figure class=\"wp-block-image size-large\"><img loading=\"lazy\" width=\"1024\" height=\"963\" src=\"https:\/\/uprzyjaciol.pl\/theatrum\/wp-content\/uploads\/2021\/07\/tomasz-zajcher-1024x963.jpg\" alt=\"\" class=\"wp-image-498\" srcset=\"https:\/\/uprzyjaciol.pl\/theatrum\/wp-content\/uploads\/2021\/07\/tomasz-zajcher-1024x963.jpg 1024w, https:\/\/uprzyjaciol.pl\/theatrum\/wp-content\/uploads\/2021\/07\/tomasz-zajcher-300x282.jpg 300w, https:\/\/uprzyjaciol.pl\/theatrum\/wp-content\/uploads\/2021\/07\/tomasz-zajcher-768x722.jpg 768w, https:\/\/uprzyjaciol.pl\/theatrum\/wp-content\/uploads\/2021\/07\/tomasz-zajcher-1536x1444.jpg 1536w, https:\/\/uprzyjaciol.pl\/theatrum\/wp-content\/uploads\/2021\/07\/tomasz-zajcher-2048x1926.jpg 2048w\" sizes=\"(max-width: 1024px) 100vw, 1024px\" \/><\/figure>\n\n\n\n<p><strong><em>&#8222;Nabywanie siebie&#8221;<\/em><\/strong><\/p>\n\n\n\n<p>W Teatrze &#8222;U Przyjaci\u00f3\u0142&#8221; od 2002 roku.<br>Absolwent Filologii Polskiej i Klasycznej UAM w Poznaniu.<\/p>\n\n\n\n<p><\/p>\n\n\n\n<p><strong>Role aktorskie w Teatrze &#8222;U Przyjaci\u00f3\u0142&#8221;<\/strong>:<\/p>\n\n\n\n<p>Teobald Rio Bamba \u2013 \u201eJesie\u0144 Witkacego\u201d (2003 \u2013 2004)<\/p>\n\n\n\n<p>Wo\u017any \u2013 \u201eKoncert maszyn\u201d (2004 \u2013 2005)<\/p>\n\n\n\n<p>Kruk &#8211; \u201eOpowie\u015bci niesamowite\u201d (2005) [film]<\/p>\n\n\n\n<p>Mnich \u2013 \u201eYMAKRAPE\u201d (2006 \u2013 2012)<\/p>\n\n\n\n<p>Hrabia Orunlock \u2013 \u201ePami\u0119tnik\u201d (2007) [film]<\/p>\n\n\n\n<p>Pan Stanis\u0142aw \u2013 \u201ePasje i obsesje Teodora Astray\u201d (2007 \u2013 2009, 2015, 2016)<\/p>\n\n\n\n<p>Grabarz \u2013 \u201eOpowie\u015bci niesamowite \u2013 kryptyk\u201d (2007 \u2013 2009)<\/p>\n\n\n\n<p>Dusza niepal\u0105ca \u2013 \u201eAppendix\u201d (2008 \u2013 2010)<\/p>\n\n\n\n<p>Michai\u0142 \u2013 \u201eSenne \u0142agodne prze\u015bwity\u201d (2008)<\/p>\n\n\n\n<p>Eustachy &#8222;Presja&#8221; de Sorbet \u2013 \u201eTeatroza\u201d (2010)<\/p>\n\n\n\n<p>Martin, David &#8211; &#8222;Fobie&#8221; (2011)<\/p>\n\n\n\n<p>Antoni, Klient, S\u0142u\u017c\u0105cy&nbsp;&#8211; &#8222;Vitcatius&#8221; (2012)<\/p>\n\n\n\n<p>Witold Sprawny &#8211; &#8222;Bywalcy absurdutu&#8221; (2010)<\/p>\n\n\n\n<p>Wyraziciel An &#8211; &#8222;Ascendium&#8221; (2016)<\/p>\n\n\n\n<p>ON &#8211; &#8222;IP_Istnienia Poszczeg\u00f3lne&#8221; (2016)<\/p>\n\n\n\n<p>ON &#8211; &#8222;Dementia praecox&#8221; (2017)<\/p>\n\n\n\n<p>Witkacy &#8211; &#8222;WitKacy&#8221; (2018)<\/p>\n\n\n\n<p>Oskar Wilde &#8211; &#8222;Portret Doriana Wilde&#8217;a&#8221; (2019)<\/p>\n\n\n\n<p>Sherlock Holmes &#8211; &#8222;Sherlock Holmes&#8221; (2019)<\/p>\n\n\n\n<p>Bruno Jasie\u0144ski &#8211; &#8222;Dzisiaj wyje\u017cd\u017cam.&#8221; (2020)<\/p>\n\n\n\n<p>Potw\u00f3r &#8211; &#8222;Frankenstein&#8221; (2021)<\/p>\n\n\n\n<p>Wi\u0119zie\u0144 &#8211; &#8222;Kabaret U Przyjaci\u00f3\u0142&#8221; (2021)<\/p>\n\n\n\n<p>Dusza 2 &#8211; &#8222;Witkacy-Variete&#8221; (2025)<\/p>\n\n\n\n<p>K. &#8211; &#8222;Kafka&#8221; (2026)<\/p>\n\n\n\n<p><strong>Re\u017cyseria, scenografia:<\/strong><\/p>\n\n\n\n<p>&#8222;Wiosna Schulza&#8221;<\/p>\n\n\n\n<p>&#8222;Jesie\u0144 Witkacego&#8221;<\/p>\n\n\n\n<p>&#8222;Koncert Maszyn&#8221;<\/p>\n\n\n\n<p>&#8222;Serce zdrajca&#8221;<\/p>\n\n\n\n<p>&#8222;Legenda o \u015bwi\u0119tym Patryku&#8221;<\/p>\n\n\n\n<p>&#8222;Bloomsday&#8221;<\/p>\n\n\n\n<p>&#8222;Dzie\u0144 Blooma&#8221;<strong><\/strong><\/p>\n\n\n\n<p>\u201ePrzedwczesny pogrzeb\u201d (2006)<\/p>\n\n\n\n<p>\u201eYMAKRAPE\u201d (2006)<\/p>\n\n\n\n<p>\u201ePami\u0119tnik\u201d (2007) [film]<\/p>\n\n\n\n<p>\u201ePasje i obsesje Teodora Astray\u201d (2007)<\/p>\n\n\n\n<p>\u201eOpowie\u015bci niesamowite \u2013 kryptyk\u201d (2007)<\/p>\n\n\n\n<p>\u201eSenne \u0142agodne prze\u015bwity\u201d (2008)<\/p>\n\n\n\n<p>\u201eTeatroza\u201d (2010)<\/p>\n\n\n\n<p>\u201eMagistryton\u201d (2010)<\/p>\n\n\n\n<p>\u201eRekrutremy\u201d (2011)<\/p>\n\n\n\n<p>\u201eBywalcy Absurdutu\u201d (2011)<\/p>\n\n\n\n<p>\u201eFobie\u201d (2012)<\/p>\n\n\n\n<p>&#8222;WitKacy&#8221; (2012)<\/p>\n\n\n\n<p>&#8222;Ostatnia ucieczka Brunona Schulza&#8221; (2012)<\/p>\n\n\n\n<p>&#8222;Niebostrzyg&#8221; (2012)<\/p>\n\n\n\n<p>&#8222;Gomber&#8221; (2013)<\/p>\n\n\n\n<p>&#8222;Alicja w lustrach&#8221; (2012)<\/p>\n\n\n\n<p>&#8222;K.&#8221; (2015)<\/p>\n\n\n\n<p>&#8222;IP_Istniania Poszczeg\u00f3lne&#8221; (2016)<\/p>\n\n\n\n<p>&#8222;Ulisses&#8221; (2018)<\/p>\n\n\n\n<p>&#8222;Elektra&#8221; (2018)<\/p>\n\n\n\n<p>&#8222;Portret Doriana Wilde&#8217;a&#8221; (2019)<\/p>\n\n\n\n<p>&#8222;Kabaret U Przyjaci\u00f3\u0142&#8221; (2021)<\/p>\n\n\n\n<p>&#8222;Oddychaj&#8221; (2021)<\/p>\n\n\n\n<p>&#8222;Kafka&#8221; (2026)<\/p>\n\n\n\n<p><strong>Realizacje:<\/strong><\/p>\n\n\n\n<p>&#8222;Nie zapomnisz&#8221; (2024)<\/p>\n\n\n\n<p><strong>Aktualnie gra w spektaklach:<\/strong>&nbsp;&#8222;WitKacy&#8221;, &#8222;IP_Istnienia Poszczeg\u00f3lne&#8221;, &#8222;Senne \u0142agodne prze\u015bwity&#8221;, &#8222;Wariat i zakonnica (Dementia praecox)&#8221;, &#8222;Elektra&#8221;, &#8222;Portret Doriana Wilde&#8217;a&#8221;, &#8222;Sherlock Holmes&#8221;, &#8222;Kabaret U Przyjaci\u00f3\u0142&#8221;, &#8222;Witkacy-Variete&#8221;<\/p>\n","protected":false},"excerpt":{"rendered":"<p>&#8222;Nabywanie siebie&#8221; W Teatrze &#8222;U Przyjaci\u00f3\u0142&#8221; od 2002 roku.Absolwent Filologii Polskiej i Klasycznej UAM w Poznaniu. Role aktorskie w Teatrze &#8222;U Przyjaci\u00f3\u0142&#8221;: Teobald Rio Bamba \u2013 \u201eJesie\u0144 Witkacego\u201d (2003 \u2013 2004) Wo\u017any \u2013 \u201eKoncert maszyn\u201d (2004 \u2013 2005) Kruk &#8211; \u201eOpowie\u015bci niesamowite\u201d (2005) [film] Mnich \u2013 \u201eYMAKRAPE\u201d (2006 \u2013 2012) Hrabia Orunlock \u2013 \u201ePami\u0119tnik\u201d (2007)<\/p>\n<div><a class=\"btn-filled btn\" href=\"https:\/\/uprzyjaciol.pl\/theatrum\/teatr\/trupa-teatralna\/tomasz-zajcher\/\" title=\"Tomasz Zajcher\">Dowiedz si\u0119 wi\u0119cej<\/a><\/div>\n","protected":false},"author":6,"featured_media":0,"parent":26,"menu_order":0,"comment_status":"closed","ping_status":"closed","template":"","meta":[],"_links":{"self":[{"href":"https:\/\/uprzyjaciol.pl\/theatrum\/wp-json\/wp\/v2\/pages\/497"}],"collection":[{"href":"https:\/\/uprzyjaciol.pl\/theatrum\/wp-json\/wp\/v2\/pages"}],"about":[{"href":"https:\/\/uprzyjaciol.pl\/theatrum\/wp-json\/wp\/v2\/types\/page"}],"author":[{"embeddable":true,"href":"https:\/\/uprzyjaciol.pl\/theatrum\/wp-json\/wp\/v2\/users\/6"}],"replies":[{"embeddable":true,"href":"https:\/\/uprzyjaciol.pl\/theatrum\/wp-json\/wp\/v2\/comments?post=497"}],"version-history":[{"count":9,"href":"https:\/\/uprzyjaciol.pl\/theatrum\/wp-json\/wp\/v2\/pages\/497\/revisions"}],"predecessor-version":[{"id":2494,"href":"https:\/\/uprzyjaciol.pl\/theatrum\/wp-json\/wp\/v2\/pages\/497\/revisions\/2494"}],"up":[{"embeddable":true,"href":"https:\/\/uprzyjaciol.pl\/theatrum\/wp-json\/wp\/v2\/pages\/26"}],"wp:attachment":[{"href":"https:\/\/uprzyjaciol.pl\/theatrum\/wp-json\/wp\/v2\/media?parent=497"}],"curies":[{"name":"wp","href":"https:\/\/api.w.org\/{rel}","templated":true}]}}

<figure class="wp-block-image size-large"><img loading="lazy" width="1024" height="963" src="https://uprzyjaciol.pl/theatrum/wp-content/uploads/2021/07/tomasz-zajcher-1024x963.jpg" alt="" class="wp-image-498" srcset="https://uprzyjaciol.pl/theatrum/wp-content/uploads/2021/07/tomasz-zajcher-1024x963.jpg 1024w, https://uprzyjaciol.pl/theatrum/wp-content/uploads/2021/07/tomasz-zajcher-300x282.jpg 300w, https://uprzyjaciol.pl/theatrum/wp-content/uploads/2021/07/tomasz-zajcher-768x722.jpg 768w, https://uprzyjaciol.pl/theatrum/wp-content/uploads/2021/07/tomasz-zajcher-1536x1444.jpg 1536w, https://uprzyjaciol.pl/theatrum/wp-content/uploads/2021/07/tomasz-zajcher-2048x1926.jpg 2048w" sizes="(max-width: 1024px) 100vw, 1024px" /></figure>



<p><strong><em>&#8222;Nabywanie siebie&#8221;</em></strong></p>



<p>W Teatrze &#8222;U Przyjaciół&#8221; od 2002 roku.<br>Absolwent Filologii Polskiej i Klasycznej UAM w Poznaniu.</p>



<p></p>



<p><strong>Role aktorskie w Teatrze &#8222;U Przyjaciół&#8221;</strong>:</p>



<p>Teobald Rio Bamba – „Jesień Witkacego” (2003 – 2004)</p>



<p>Woźny – „Koncert maszyn” (2004 – 2005)</p>



<p>Kruk &#8211; „Opowieści niesamowite” (2005) [film]</p>



<p>Mnich – „YMAKRAPE” (2006 – 2012)</p>



<p>Hrabia Orunlock – „Pamiętnik” (2007) [film]</p>



<p>Pan Stanisław – „Pasje i obsesje Teodora Astray” (2007 – 2009, 2015, 2016)</p>



<p>Grabarz – „Opowieści niesamowite – kryptyk” (2007 – 2009)</p>



<p>Dusza niepaląca – „Appendix” (2008 – 2010)</p>



<p>Michaił – „Senne łagodne prześwity” (2008)</p>



<p>Eustachy &#8222;Presja&#8221; de Sorbet – „Teatroza” (2010)</p>



<p>Martin, David &#8211; &#8222;Fobie&#8221; (2011)</p>



<p>Antoni, Klient, Służący&nbsp;&#8211; &#8222;Vitcatius&#8221; (2012)</p>



<p>Witold Sprawny &#8211; &#8222;Bywalcy absurdutu&#8221; (2010)</p>



<p>Wyraziciel An &#8211; &#8222;Ascendium&#8221; (2016)</p>



<p>ON &#8211; &#8222;IP_Istnienia Poszczególne&#8221; (2016)</p>



<p>ON &#8211; &#8222;Dementia praecox&#8221; (2017)</p>



<p>Witkacy &#8211; &#8222;WitKacy&#8221; (2018)</p>



<p>Oskar Wilde &#8211; &#8222;Portret Doriana Wilde&#8217;a&#8221; (2019)</p>



<p>Sherlock Holmes &#8211; &#8222;Sherlock Holmes&#8221; (2019)</p>



<p>Bruno Jasieński &#8211; &#8222;Dzisiaj wyjeżdżam.&#8221; (2020)</p>



<p>Potwór &#8211; &#8222;Frankenstein&#8221; (2021)</p>



<p>Więzień &#8211; &#8222;Kabaret U Przyjaciół&#8221; (2021)</p>



<p>Dusza 2 &#8211; &#8222;Witkacy-Variete&#8221; (2025)</p>



<p>K. &#8211; &#8222;Kafka&#8221; (2026)</p>



<p><strong>Reżyseria, scenografia:</strong></p>



<p>&#8222;Wiosna Schulza&#8221;</p>



<p>&#8222;Jesień Witkacego&#8221;</p>



<p>&#8222;Koncert Maszyn&#8221;</p>



<p>&#8222;Serce zdrajca&#8221;</p>



<p>&#8222;Legenda o świętym Patryku&#8221;</p>



<p>&#8222;Bloomsday&#8221;</p>



<p>&#8222;Dzień Blooma&#8221;<strong></strong></p>



<p>„Przedwczesny pogrzeb” (2006)</p>



<p>„YMAKRAPE” (2006)</p>



<p>„Pamiętnik” (2007) [film]</p>



<p>„Pasje i obsesje Teodora Astray” (2007)</p>



<p>„Opowieści niesamowite – kryptyk” (2007)</p>



<p>„Senne łagodne prześwity” (2008)</p>



<p>„Teatroza” (2010)</p>



<p>„Magistryton” (2010)</p>



<p>„Rekrutremy” (2011)</p>



<p>„Bywalcy Absurdutu” (2011)</p>



<p>„Fobie” (2012)</p>



<p>&#8222;WitKacy&#8221; (2012)</p>



<p>&#8222;Ostatnia ucieczka Brunona Schulza&#8221; (2012)</p>



<p>&#8222;Niebostrzyg&#8221; (2012)</p>



<p>&#8222;Gomber&#8221; (2013)</p>



<p>&#8222;Alicja w lustrach&#8221; (2012)</p>



<p>&#8222;K.&#8221; (2015)</p>



<p>&#8222;IP_Istniania Poszczególne&#8221; (2016)</p>



<p>&#8222;Ulisses&#8221; (2018)</p>



<p>&#8222;Elektra&#8221; (2018)</p>



<p>&#8222;Portret Doriana Wilde&#8217;a&#8221; (2019)</p>



<p>&#8222;Kabaret U Przyjaciół&#8221; (2021)</p>



<p>&#8222;Oddychaj&#8221; (2021)</p>



<p>&#8222;Kafka&#8221; (2026)</p>



<p><strong>Realizacje:</strong></p>



<p>&#8222;Nie zapomnisz&#8221; (2024)</p>



<p><strong>Aktualnie gra w spektaklach:</strong>&nbsp;&#8222;WitKacy&#8221;, &#8222;IP_Istnienia Poszczególne&#8221;, &#8222;Senne łagodne prześwity&#8221;, &#8222;Wariat i zakonnica (Dementia praecox)&#8221;, &#8222;Elektra&#8221;, &#8222;Portret Doriana Wilde&#8217;a&#8221;, &#8222;Sherlock Holmes&#8221;, &#8222;Kabaret U Przyjaciół&#8221;, &#8222;Witkacy-Variete&#8221;</p>

<p>&#8222;Nabywanie siebie&#8221; W Teatrze &#8222;U Przyjaciół&#8221; od 2002 roku.Absolwent Filologii Polskiej i Klasycznej UAM w Poznaniu. Role aktorskie w Teatrze &#8222;U Przyjaciół&#8221;: Teobald Rio Bamba – „Jesień Witkacego” (2003 – 2004) Woźny – „Koncert maszyn” (2004 – 2005) Kruk &#8211; „Opowieści niesamowite” (2005) [film] Mnich – „YMAKRAPE” (2006 – 2012) Hrabia Orunlock – „Pamiętnik” (2007)</p>
<div><a class="btn-filled btn" href="https://uprzyjaciol.pl/theatrum/teatr/trupa-teatralna/tomasz-zajcher/" title="Tomasz Zajcher">Dowiedz się więcej</a></div>
