{"id":483,"date":"2021-07-29T12:05:43","date_gmt":"2021-07-29T10:05:43","guid":{"rendered":"https:\/\/uprzyjaciol.pl\/theatrum\/?page_id=483"},"modified":"2021-07-29T12:06:28","modified_gmt":"2021-07-29T10:06:28","slug":"radoslaw-salamonczyk","status":"publish","type":"page","link":"https:\/\/uprzyjaciol.pl\/theatrum\/teatr\/trupa-teatralna\/radoslaw-salamonczyk\/","title":{"rendered":"Rados\u0142aw Salamo\u0144czyk"},"content":{"rendered":"\n<figure class=\"wp-block-image size-large\"><img loading=\"lazy\" width=\"724\" height=\"1024\" src=\"https:\/\/uprzyjaciol.pl\/theatrum\/wp-content\/uploads\/2021\/07\/radoslaw-salamonczyk-724x1024.jpg\" alt=\"\" class=\"wp-image-484\" srcset=\"https:\/\/uprzyjaciol.pl\/theatrum\/wp-content\/uploads\/2021\/07\/radoslaw-salamonczyk-724x1024.jpg 724w, https:\/\/uprzyjaciol.pl\/theatrum\/wp-content\/uploads\/2021\/07\/radoslaw-salamonczyk-212x300.jpg 212w, https:\/\/uprzyjaciol.pl\/theatrum\/wp-content\/uploads\/2021\/07\/radoslaw-salamonczyk-768x1086.jpg 768w, https:\/\/uprzyjaciol.pl\/theatrum\/wp-content\/uploads\/2021\/07\/radoslaw-salamonczyk-1086x1536.jpg 1086w, https:\/\/uprzyjaciol.pl\/theatrum\/wp-content\/uploads\/2021\/07\/radoslaw-salamonczyk.jpg 1448w\" sizes=\"(max-width: 724px) 100vw, 724px\" \/><\/figure>\n\n\n\n<p>W Teatrze &#8222;U Przyjaci\u00f3\u0142&#8221; od 2013 roku. Recytator i aktor z m\u0142odzie\u0144czego do\u015bwiadczenia. Wci\u0105\u017c pr\u00f3buje coraz to \u015bmielej cha\u0142turzy\u0107 z gitar\u0105 u boku. Zdarzy si\u0119 mu zmontowa\u0107 co\u015b filmowego. Absolwent UAM w Poznaniu.<\/p>\n\n\n\n<p><strong>Role aktorskie w Teatrze u Przyjaci\u00f3\u0142:<\/strong><\/p>\n\n\n\n<p>Kryspin Huczny\/ W\u0142adys\u0142aw Prymarny \u2013 \u201eBywalcy Absurdutu\u201d (2013)<\/p>\n\n\n\n<p>Tadeusz Mania Grotewski \u2013 \u201eRekrutremy\u201d (2014)<\/p>\n\n\n\n<p>Tirli Bim \u2013 \u201eAlicja w lustrach\u201d (2014)<\/p>\n\n\n\n<p>Boles\u0142aw Amputny &#8211; &#8222;Bywalcy Absurdutu&#8221; (2015 &#8211; obecnie)<\/p>\n\n\n\n<p>\u015aled\u017a, David Femen, Vladimir, Sprzedawca &#8211; &#8222;Fobie&#8221; (2015 &#8211; 2016)<\/p>\n\n\n\n<p>K. &#8211; &#8222;Kafka&#8221; (2015 &#8211; obecnie)<\/p>\n\n\n\n<p>Syn &#8211; &#8222;Horla. Przypadek rodziny&nbsp;Sabl\u00e9&#8221; (2017)<\/p>\n\n\n\n<p>Sherlock Holmes &#8211; &#8222;Sherlock Holmes &#8211; Dolina strachu&#8221; (2018)<\/p>\n\n\n\n<p><strong>Re\u017cyseria:&nbsp;<\/strong><\/p>\n\n\n\n<p>Ascendium&nbsp;(2016)<\/p>\n\n\n\n<p><strong>Autor scenariusza:<\/strong><\/p>\n\n\n\n<p>Ascendium&nbsp;(2016)<\/p>\n\n\n\n<p><strong>Aktualnie gra w spetkaklach:&nbsp;<\/strong>&#8222;Bywalcy Absurdutu&#8221;, &#8222;Kafka&#8221;<\/p>\n","protected":false},"excerpt":{"rendered":"<p>W Teatrze &#8222;U Przyjaci\u00f3\u0142&#8221; od 2013 roku. Recytator i aktor z m\u0142odzie\u0144czego do\u015bwiadczenia. Wci\u0105\u017c pr\u00f3buje coraz to \u015bmielej cha\u0142turzy\u0107 z gitar\u0105 u boku. Zdarzy si\u0119 mu zmontowa\u0107 co\u015b filmowego. Absolwent UAM w Poznaniu. Role aktorskie w Teatrze u Przyjaci\u00f3\u0142: Kryspin Huczny\/ W\u0142adys\u0142aw Prymarny \u2013 \u201eBywalcy Absurdutu\u201d (2013) Tadeusz Mania Grotewski \u2013 \u201eRekrutremy\u201d (2014) Tirli Bim<\/p>\n<div><a class=\"btn-filled btn\" href=\"https:\/\/uprzyjaciol.pl\/theatrum\/teatr\/trupa-teatralna\/radoslaw-salamonczyk\/\" title=\"Rados\u0142aw Salamo\u0144czyk\">Dowiedz si\u0119 wi\u0119cej<\/a><\/div>\n","protected":false},"author":6,"featured_media":0,"parent":26,"menu_order":0,"comment_status":"closed","ping_status":"closed","template":"","meta":[],"_links":{"self":[{"href":"https:\/\/uprzyjaciol.pl\/theatrum\/wp-json\/wp\/v2\/pages\/483"}],"collection":[{"href":"https:\/\/uprzyjaciol.pl\/theatrum\/wp-json\/wp\/v2\/pages"}],"about":[{"href":"https:\/\/uprzyjaciol.pl\/theatrum\/wp-json\/wp\/v2\/types\/page"}],"author":[{"embeddable":true,"href":"https:\/\/uprzyjaciol.pl\/theatrum\/wp-json\/wp\/v2\/users\/6"}],"replies":[{"embeddable":true,"href":"https:\/\/uprzyjaciol.pl\/theatrum\/wp-json\/wp\/v2\/comments?post=483"}],"version-history":[{"count":2,"href":"https:\/\/uprzyjaciol.pl\/theatrum\/wp-json\/wp\/v2\/pages\/483\/revisions"}],"predecessor-version":[{"id":487,"href":"https:\/\/uprzyjaciol.pl\/theatrum\/wp-json\/wp\/v2\/pages\/483\/revisions\/487"}],"up":[{"embeddable":true,"href":"https:\/\/uprzyjaciol.pl\/theatrum\/wp-json\/wp\/v2\/pages\/26"}],"wp:attachment":[{"href":"https:\/\/uprzyjaciol.pl\/theatrum\/wp-json\/wp\/v2\/media?parent=483"}],"curies":[{"name":"wp","href":"https:\/\/api.w.org\/{rel}","templated":true}]}}

Radosław Salamończyk

<figure class="wp-block-image size-large"><img loading="lazy" width="724" height="1024" src="https://uprzyjaciol.pl/theatrum/wp-content/uploads/2021/07/radoslaw-salamonczyk-724x1024.jpg" alt="" class="wp-image-484" srcset="https://uprzyjaciol.pl/theatrum/wp-content/uploads/2021/07/radoslaw-salamonczyk-724x1024.jpg 724w, https://uprzyjaciol.pl/theatrum/wp-content/uploads/2021/07/radoslaw-salamonczyk-212x300.jpg 212w, https://uprzyjaciol.pl/theatrum/wp-content/uploads/2021/07/radoslaw-salamonczyk-768x1086.jpg 768w, https://uprzyjaciol.pl/theatrum/wp-content/uploads/2021/07/radoslaw-salamonczyk-1086x1536.jpg 1086w, https://uprzyjaciol.pl/theatrum/wp-content/uploads/2021/07/radoslaw-salamonczyk.jpg 1448w" sizes="(max-width: 724px) 100vw, 724px" /></figure>



<p>W Teatrze &#8222;U Przyjaciół&#8221; od 2013 roku. Recytator i aktor z młodzieńczego doświadczenia. Wciąż próbuje coraz to śmielej chałturzyć z gitarą u boku. Zdarzy się mu zmontować coś filmowego. Absolwent UAM w Poznaniu.</p>



<p><strong>Role aktorskie w Teatrze u Przyjaciół:</strong></p>



<p>Kryspin Huczny/ Władysław Prymarny – „Bywalcy Absurdutu” (2013)</p>



<p>Tadeusz Mania Grotewski – „Rekrutremy” (2014)</p>



<p>Tirli Bim – „Alicja w lustrach” (2014)</p>



<p>Bolesław Amputny &#8211; &#8222;Bywalcy Absurdutu&#8221; (2015 &#8211; obecnie)</p>



<p>Śledź, David Femen, Vladimir, Sprzedawca &#8211; &#8222;Fobie&#8221; (2015 &#8211; 2016)</p>



<p>K. &#8211; &#8222;Kafka&#8221; (2015 &#8211; obecnie)</p>



<p>Syn &#8211; &#8222;Horla. Przypadek rodziny&nbsp;Sablé&#8221; (2017)</p>



<p>Sherlock Holmes &#8211; &#8222;Sherlock Holmes &#8211; Dolina strachu&#8221; (2018)</p>



<p><strong>Reżyseria:&nbsp;</strong></p>



<p>Ascendium&nbsp;(2016)</p>



<p><strong>Autor scenariusza:</strong></p>



<p>Ascendium&nbsp;(2016)</p>



<p><strong>Aktualnie gra w spetkaklach:&nbsp;</strong>&#8222;Bywalcy Absurdutu&#8221;, &#8222;Kafka&#8221;</p>

<p>W Teatrze &#8222;U Przyjaciół&#8221; od 2013 roku. Recytator i aktor z młodzieńczego doświadczenia. Wciąż próbuje coraz to śmielej chałturzyć z gitarą u boku. Zdarzy się mu zmontować coś filmowego. Absolwent UAM w Poznaniu. Role aktorskie w Teatrze u Przyjaciół: Kryspin Huczny/ Władysław Prymarny – „Bywalcy Absurdutu” (2013) Tadeusz Mania Grotewski – „Rekrutremy” (2014) Tirli Bim</p>
<div><a class="btn-filled btn" href="https://uprzyjaciol.pl/theatrum/teatr/trupa-teatralna/radoslaw-salamonczyk/" title="Radosław Salamończyk">Dowiedz się więcej</a></div>
