{"id":48,"date":"2021-02-11T12:28:52","date_gmt":"2021-02-11T11:28:52","guid":{"rendered":"https:\/\/uprzyjaciol.pl\/theatrum\/?page_id=48"},"modified":"2023-11-03T15:01:00","modified_gmt":"2023-11-03T14:01:00","slug":"kawiarnia","status":"publish","type":"page","link":"https:\/\/uprzyjaciol.pl\/theatrum\/kawiarnia\/","title":{"rendered":"Kawiarnia"},"content":{"rendered":"\n<figure class=\"wp-block-embed is-type-rich is-provider-obsluga-osadzania wp-block-embed-obsluga-osadzania wp-embed-aspect-4-3 wp-has-aspect-ratio\"><div class=\"wp-block-embed__wrapper\">\n<iframe loading=\"lazy\" title=\"Kawiarnia U Przyjaci\u00f3\u0142 | Teatr U Przyjaci\u00f3\u0142 Archiwum\" width=\"1140\" height=\"855\" src=\"https:\/\/www.youtube.com\/embed\/_QezCaKWHKM?feature=oembed\" frameborder=\"0\" allow=\"accelerometer; autoplay; clipboard-write; encrypted-media; gyroscope; picture-in-picture; web-share\" allowfullscreen><\/iframe>\n<\/div><\/figure>\n\n\n\n<p><strong>AKTUALNO\u015aCI:<\/strong><\/p>\n\n\n\n<p><a href=\"https:\/\/uprzyjaciol.pl\/theatrum\/sylwester-u-przyjaciol-2023\/\">Sylwester teatralno-kawiarniany U Przyjaci\u00f3\u0142 2023<\/a><\/p>\n\n\n\n<p><\/p>\n\n\n\n<hr class=\"wp-block-separator has-css-opacity is-style-wide\"\/>\n\n\n\n<p><em>Ta mate jest jak \u0142aska, co\u015b niewiarygodnie \u0142agodz\u0105cego (&#8230;) Wiesz, mate jest jak kropka od lini. Jak si\u0119 wypije, mo\u017cna zaczyna\u0107 nowy akapit. J. Cortazar Gra w klasy<\/em><\/p>\n\n\n\n<p><br>1, 2, 3, 4, 5,&#8230;<br>Nauczyli\u015bmy si\u0119 pi\u0107 kaw\u0119 inaczej. W towarzystwie pisarzy nie wypada siorba\u0107,<br>pokas\u0142ywa\u0107; ksi\u0105\u017cka te\u017c nie byle czyja i twarz jaka\u015b taka skupiona na wyst\u0119p. Dziwi takie ci\u015bnienie chwili. Kilka podobnych odwiedzin i zaraz my\u015bl, \u017ce pisa\u0107 by si\u0119 chcia\u0142o, albo czyta\u0107 bardziej, albo, \u017ce muzyka to bardzo dziwny parasol wyobra\u017ani. \u017be z powie\u015bciami i wersami chadza na spacery. Je\u015bli ju\u017c&nbsp;jest ich wi\u0119cej: tych s\u0142\u00f3w, d\u017awi\u0119k\u00f3w, my\u015blenia o zasadno\u015bci mieszania cukru, o skupieniu twarzy, o zachodzeniu do w\u0142asnej g\u0142owy, to zaczyna si\u0119 liczy\u0107 dziwne sprawy.<br><br>Nauczyli\u015bmy si\u0119 nie liczy\u0107 dziwnych spraw, tylko ich dogl\u0105da\u0107. Nagle okaza\u0142o si\u0119,<br>\u017ce na innych g\u0142owach te\u017c s\u0105 kapelusze i \u017cycia (cho\u0107 ca\u0142kiem niewyobra\u017calne), \u017ce te\u017c tam ptak\u00f3w si\u0119 gnie\u017adzi sporo, te\u017c w szachy, po m\u0119sku graj\u0105 wa\u017cne decyzje, te\u017c z gracj\u0105 kobiet eterycznych st\u0105paj\u0105 idee. Zupe\u0142nie nieoczekiwanie w antrakty zacz\u0119\u0142y wpycha\u0107 si\u0119 pragnienia, z l\u00f3\u017c samodzielnie wysz\u0142y drobne \u015bwi\u0144stwa i uk\u0142onem odda\u0142y szacunek prostym s\u0142owom. Tak\u017ce nieoczekiwanie biletem by\u0142o pomarszczone czo\u0142o. Jedno by\u0142o ciekawe \u015bwiata, inne u\u015bmiechni\u0119te, jeszcze inne zduszone przyciasn\u0105 czapk\u0105. Ale spotka\u0142y si\u0119 na tej kawie<br>z pisarzami, gdy spacerowa\u0142y idee, gra\u0142y decyzje a d\u017awi\u0119ki w tym wszystkim pewnie rytmizowa\u0142y napi\u0119cia czego\u015b, co potocznie nazywa si\u0119 atmosfer\u0105.<br>Nauczyli\u015bmy si\u0119 pi\u0107 kaw\u0119 inaczej.<br><br>Gdy ju\u017c, uk\u0142oniwszy si\u0119 w zaskoczeniu i w prze\u015bwiadczeniu, \u017ce by\u0142oby dobrze zn\u00f3w tak dziwnie poby\u0107, przekonali\u015bmy si\u0119, \u017ce Przyjaciele s\u0105 prawdziwi. Ca\u0142a reszta musi si\u0119 do tego po prostu przyzwyczai\u0107.<br><br>[Z kartki od Malfreda na 5 rocznic\u0119 Kawiarni U Przyjaci\u00f3\u0142]<br><br><br>Poni\u017cej cytat inicjuj\u0105cy nasze Kawiarniane \u017cycie. By\u0142o to w grudniu 2002 roku. Na pocz\u0105tku Kawiarenka Literacka U Przyjaci\u00f3\u0142. Nast\u0119pnie &#8222;Wiosna Schulza&#8221;, pierwsze zmagania teatralne i tak si\u0119 potoczy\u0142o.<br><br>&#8222;Nie urodzi\u0142 si\u0119 jeszcze na \u015bwiecie architekt czy dekorator,<br>kt\u00f3ry &#8211; buduj\u0105c kawiarni\u0119 &#8211; m\u00f3g\u0142 powiedzie\u0107 z g\u00f3ry: W tym lokalu b\u0119dzie<br>taka a taka publiczno\u015b\u0107 i taki a taki nastr\u00f3j. Tak sobie to pomy\u015bleli\u015bmy i<br>tak musi by\u0107 &#8230; &#8211; Kawiarnia zostaje urz\u0105dzona, umeblowana, wchodz\u0105 do<br>niej pierwsi go\u015bcie, a po jakim\u015b czasie okazuje si\u0119, \u017ce atmosfera jej nie ma<br>nic wsp\u00f3lnego z tym, zamierzyli jej tw\u00f3rcy: oddana do publicznego u\u017cytku<br>rozpoczyna \u017cywot w\u0142asny i nieprzewidywalny;<br>jej losy nie daj\u0105 si\u0119 z g\u00f3ry wyznaczy\u0107&#8221;.<br>[Leopold Tyrmand &#8222;Z\u0142y&#8221;]<\/p>\n\n\n\n<hr class=\"wp-block-separator has-css-opacity is-style-wide\"\/>\n\n\n\n<h3>Godziny otwarcia<\/h3>\n\n\n\n<p>pon-sobota 10:00 &#8211; 22:00<\/p>\n\n\n\n<p><\/p>\n\n\n\n<p>niedziela 14:00 &#8211; 22:00<\/p>\n\n\n\n<p>tel. 618516795 (kawiarnia)<\/p>\n\n\n\n<p><\/p>\n\n\n\n<p><\/p>\n","protected":false},"excerpt":{"rendered":"<p>AKTUALNO\u015aCI: Sylwester teatralno-kawiarniany U Przyjaci\u00f3\u0142 2023 Ta mate jest jak \u0142aska, co\u015b niewiarygodnie \u0142agodz\u0105cego (&#8230;) Wiesz, mate jest jak kropka od lini. Jak si\u0119 wypije, mo\u017cna zaczyna\u0107 nowy akapit. J. Cortazar Gra w klasy 1, 2, 3, 4, 5,&#8230;Nauczyli\u015bmy si\u0119 pi\u0107 kaw\u0119 inaczej. W towarzystwie pisarzy nie wypada siorba\u0107,pokas\u0142ywa\u0107; ksi\u0105\u017cka te\u017c nie byle czyja i<\/p>\n<div><a class=\"btn-filled btn\" href=\"https:\/\/uprzyjaciol.pl\/theatrum\/kawiarnia\/\" title=\"Kawiarnia\">Dowiedz si\u0119 wi\u0119cej<\/a><\/div>\n","protected":false},"author":6,"featured_media":0,"parent":0,"menu_order":2,"comment_status":"closed","ping_status":"closed","template":"","meta":[],"_links":{"self":[{"href":"https:\/\/uprzyjaciol.pl\/theatrum\/wp-json\/wp\/v2\/pages\/48"}],"collection":[{"href":"https:\/\/uprzyjaciol.pl\/theatrum\/wp-json\/wp\/v2\/pages"}],"about":[{"href":"https:\/\/uprzyjaciol.pl\/theatrum\/wp-json\/wp\/v2\/types\/page"}],"author":[{"embeddable":true,"href":"https:\/\/uprzyjaciol.pl\/theatrum\/wp-json\/wp\/v2\/users\/6"}],"replies":[{"embeddable":true,"href":"https:\/\/uprzyjaciol.pl\/theatrum\/wp-json\/wp\/v2\/comments?post=48"}],"version-history":[{"count":11,"href":"https:\/\/uprzyjaciol.pl\/theatrum\/wp-json\/wp\/v2\/pages\/48\/revisions"}],"predecessor-version":[{"id":1958,"href":"https:\/\/uprzyjaciol.pl\/theatrum\/wp-json\/wp\/v2\/pages\/48\/revisions\/1958"}],"wp:attachment":[{"href":"https:\/\/uprzyjaciol.pl\/theatrum\/wp-json\/wp\/v2\/media?parent=48"}],"curies":[{"name":"wp","href":"https:\/\/api.w.org\/{rel}","templated":true}]}}