{"id":430,"date":"2021-07-28T14:33:23","date_gmt":"2021-07-28T12:33:23","guid":{"rendered":"https:\/\/uprzyjaciol.pl\/theatrum\/?page_id=430"},"modified":"2023-01-09T10:59:45","modified_gmt":"2023-01-09T09:59:45","slug":"sylwia-pietrowiak","status":"publish","type":"page","link":"https:\/\/uprzyjaciol.pl\/theatrum\/teatr\/trupa-teatralna\/sylwia-pietrowiak\/","title":{"rendered":"Sylwia Pietrowiak"},"content":{"rendered":"\n<figure class=\"wp-block-image size-full\"><img loading=\"lazy\" width=\"661\" height=\"661\" src=\"https:\/\/uprzyjaciol.pl\/theatrum\/wp-content\/uploads\/2021\/07\/sylwia-pietrowiak.jpg\" alt=\"\" class=\"wp-image-431\" srcset=\"https:\/\/uprzyjaciol.pl\/theatrum\/wp-content\/uploads\/2021\/07\/sylwia-pietrowiak.jpg 661w, https:\/\/uprzyjaciol.pl\/theatrum\/wp-content\/uploads\/2021\/07\/sylwia-pietrowiak-300x300.jpg 300w, https:\/\/uprzyjaciol.pl\/theatrum\/wp-content\/uploads\/2021\/07\/sylwia-pietrowiak-150x150.jpg 150w\" sizes=\"(max-width: 661px) 100vw, 661px\" \/><\/figure>\n\n\n\n<p>W Teatrze &#8222;U Przyjaci\u00f3\u0142&#8221; od 2006 roku. Autorka opraw plastycznych, scenografii, charakteryzatorka, aktorka, realizatorka \u015bwiate\u0142 i d\u017awi\u0119ku w niemal wszystkich spektaklach Teatru prezentowanych w ci\u0105gu kilku ostatnich lat. Absolwentka etnologii na UAM w Poznaniu.<\/p>\n\n\n\n<p><strong>Role aktorskie w Teatrze &#8222;U Przyjaci\u00f3\u0142&#8221;:<\/strong><\/p>\n\n\n\n<p>Cz\u0142onek trupy aktorskiej \u2013 \u201eLegenda o \u015bw. Patryku\u201d (2007)<\/p>\n\n\n\n<p>Mnich \u2013 \u201eYMAKRAPE\u201d (2007 \u2013 2012)<\/p>\n\n\n\n<p>Madame Foyer \u2013 \u201eTeatroza\u201d (2010 \u2013 obecnie)<\/p>\n\n\n\n<p>Kierowniczka \u2013 \u201eMagistryton\u201d (2010 \u2013 2012)<\/p>\n\n\n\n<p>Genowefa Klata \u2013 \u201eRekrutremy\u201d (2011 \u2013 2012)<\/p>\n\n\n\n<p>Redaktorka \u201eFreemans Journal\u201d \u2013 \u201eBloomsday\u201d (2013)<\/p>\n\n\n\n<p>Klitajmestra &#8211; &#8222;Elektra&#8221; (2018)<\/p>\n\n\n\n<p>Niemyta Dusza &#8211; &#8222;Appendix&#8221; (2019)<\/p>\n\n\n\n<p>Patron Ishar &#8211; &#8222;Ascendium&#8221; (2019)<\/p>\n\n\n\n<p>Ona &#8211; &#8222;Wariat i zakonnica (dementia praecox)&#8221; (2019)<\/p>\n\n\n\n<p>Matka, William,\u00a0Clerval, El\u017cbieta &#8211; &#8222;Frankenstein&#8221; (2021)<\/p>\n\n\n\n<p>Siostra Lizawieta &#8211; &#8222;Senne \u0142agodne prze\u015bwity&#8221; (2023)<\/p>\n\n\n\n<p><strong>Aktualnie gra w spektaklach: &#8222;Elektra&#8221;, &#8222;Wariat i zakonnica (dementia praecox)&#8221;, &#8222;Frankenstein&#8221;<\/strong>, <strong>&#8222;Senne \u0142agodne prze\u015bwity&#8221;<\/strong><\/p>\n\n\n\n<p><strong>Charakteryzacja:<\/strong><\/p>\n\n\n\n<p>\u201eAppendix\u201d (2008)<\/p>\n\n\n\n<p>\u201eDzie\u0144 Blooma\u201d (2009)<\/p>\n\n\n\n<p>\u201eTeatroza\u201d (2010)<\/p>\n\n\n\n<p>\u201eMagistryton\u201d (2010)<\/p>\n\n\n\n<p>\u201eRekrutremy\u201d (2011)<\/p>\n\n\n\n<p>\u201eBywalcy Absurdutu\u201d (2011)<\/p>\n\n\n\n<p>&nbsp;\u201eAlicja w lustrach\u201d (2012)<\/p>\n\n\n\n<p>\u201eNiebostrzyg\u201d (2012)<\/p>\n\n\n\n<p>\u201eOstatnia ucieczka Brunona Schulza\u201d (2012)<\/p>\n\n\n\n<p>&#8222;Elektra&#8221; (2018)<\/p>\n\n\n\n<p><strong>Scenografia:<\/strong><\/p>\n\n\n\n<p>\u201eAppendix\u201d (2008)<\/p>\n\n\n\n<p>\u201eSenne \u0142agodne prze\u015bwity\u201d (2008, 2017)<\/p>\n\n\n\n<p>\u201eDzie\u0144 Blooma\u201d (2009)<\/p>\n\n\n\n<p>\u201eTeatroza\u201d (2010)<\/p>\n\n\n\n<p>\u201eMagistryton\u201d (2010)<\/p>\n\n\n\n<p>\u201eRekrutremy\u201d (2011)<\/p>\n\n\n\n<p>\u201eBywalcy Absurdutu\u201d (2011)<\/p>\n\n\n\n<p>\u201eFobie\u201d (2012)<\/p>\n\n\n\n<p>\u201eVitcatius\u201d (2012)<\/p>\n\n\n\n<p>\u201eNiebostrzyg\u201d (2012)<\/p>\n\n\n\n<p>\u201eOstatnia ucieczka Brunona Schulza\u201d (2012)<\/p>\n\n\n\n<p>&#8222;Elektra&#8221; (2018)<\/p>\n\n\n\n<p>&#8222;Frankenstein&#8221; (2021)<\/p>\n","protected":false},"excerpt":{"rendered":"<p>W Teatrze &#8222;U Przyjaci\u00f3\u0142&#8221; od 2006 roku. Autorka opraw plastycznych, scenografii, charakteryzatorka, aktorka, realizatorka \u015bwiate\u0142 i d\u017awi\u0119ku w niemal wszystkich spektaklach Teatru prezentowanych w ci\u0105gu kilku ostatnich lat. Absolwentka etnologii na UAM w Poznaniu. Role aktorskie w Teatrze &#8222;U Przyjaci\u00f3\u0142&#8221;: Cz\u0142onek trupy aktorskiej \u2013 \u201eLegenda o \u015bw. Patryku\u201d (2007) Mnich \u2013 \u201eYMAKRAPE\u201d (2007 \u2013 2012)<\/p>\n<div><a class=\"btn-filled btn\" href=\"https:\/\/uprzyjaciol.pl\/theatrum\/teatr\/trupa-teatralna\/sylwia-pietrowiak\/\" title=\"Sylwia Pietrowiak\">Dowiedz si\u0119 wi\u0119cej<\/a><\/div>\n","protected":false},"author":6,"featured_media":0,"parent":26,"menu_order":0,"comment_status":"closed","ping_status":"closed","template":"","meta":[],"_links":{"self":[{"href":"https:\/\/uprzyjaciol.pl\/theatrum\/wp-json\/wp\/v2\/pages\/430"}],"collection":[{"href":"https:\/\/uprzyjaciol.pl\/theatrum\/wp-json\/wp\/v2\/pages"}],"about":[{"href":"https:\/\/uprzyjaciol.pl\/theatrum\/wp-json\/wp\/v2\/types\/page"}],"author":[{"embeddable":true,"href":"https:\/\/uprzyjaciol.pl\/theatrum\/wp-json\/wp\/v2\/users\/6"}],"replies":[{"embeddable":true,"href":"https:\/\/uprzyjaciol.pl\/theatrum\/wp-json\/wp\/v2\/comments?post=430"}],"version-history":[{"count":5,"href":"https:\/\/uprzyjaciol.pl\/theatrum\/wp-json\/wp\/v2\/pages\/430\/revisions"}],"predecessor-version":[{"id":1495,"href":"https:\/\/uprzyjaciol.pl\/theatrum\/wp-json\/wp\/v2\/pages\/430\/revisions\/1495"}],"up":[{"embeddable":true,"href":"https:\/\/uprzyjaciol.pl\/theatrum\/wp-json\/wp\/v2\/pages\/26"}],"wp:attachment":[{"href":"https:\/\/uprzyjaciol.pl\/theatrum\/wp-json\/wp\/v2\/media?parent=430"}],"curies":[{"name":"wp","href":"https:\/\/api.w.org\/{rel}","templated":true}]}}

<figure class="wp-block-image size-full"><img loading="lazy" width="661" height="661" src="https://uprzyjaciol.pl/theatrum/wp-content/uploads/2021/07/sylwia-pietrowiak.jpg" alt="" class="wp-image-431" srcset="https://uprzyjaciol.pl/theatrum/wp-content/uploads/2021/07/sylwia-pietrowiak.jpg 661w, https://uprzyjaciol.pl/theatrum/wp-content/uploads/2021/07/sylwia-pietrowiak-300x300.jpg 300w, https://uprzyjaciol.pl/theatrum/wp-content/uploads/2021/07/sylwia-pietrowiak-150x150.jpg 150w" sizes="(max-width: 661px) 100vw, 661px" /></figure>



<p>W Teatrze &#8222;U Przyjaciół&#8221; od 2006 roku. Autorka opraw plastycznych, scenografii, charakteryzatorka, aktorka, realizatorka świateł i dźwięku w niemal wszystkich spektaklach Teatru prezentowanych w ciągu kilku ostatnich lat. Absolwentka etnologii na UAM w Poznaniu.</p>



<p><strong>Role aktorskie w Teatrze &#8222;U Przyjaciół&#8221;:</strong></p>



<p>Członek trupy aktorskiej – „Legenda o św. Patryku” (2007)</p>



<p>Mnich – „YMAKRAPE” (2007 – 2012)</p>



<p>Madame Foyer – „Teatroza” (2010 – obecnie)</p>



<p>Kierowniczka – „Magistryton” (2010 – 2012)</p>



<p>Genowefa Klata – „Rekrutremy” (2011 – 2012)</p>



<p>Redaktorka „Freemans Journal” – „Bloomsday” (2013)</p>



<p>Klitajmestra &#8211; &#8222;Elektra&#8221; (2018)</p>



<p>Niemyta Dusza &#8211; &#8222;Appendix&#8221; (2019)</p>



<p>Patron Ishar &#8211; &#8222;Ascendium&#8221; (2019)</p>



<p>Ona &#8211; &#8222;Wariat i zakonnica (dementia praecox)&#8221; (2019)</p>



<p>Matka, William, Clerval, Elżbieta &#8211; &#8222;Frankenstein&#8221; (2021)</p>



<p>Siostra Lizawieta &#8211; &#8222;Senne łagodne prześwity&#8221; (2023)</p>



<p><strong>Aktualnie gra w spektaklach: &#8222;Elektra&#8221;, &#8222;Wariat i zakonnica (dementia praecox)&#8221;, &#8222;Frankenstein&#8221;</strong>, <strong>&#8222;Senne łagodne prześwity&#8221;</strong></p>



<p><strong>Charakteryzacja:</strong></p>



<p>„Appendix” (2008)</p>



<p>„Dzień Blooma” (2009)</p>



<p>„Teatroza” (2010)</p>



<p>„Magistryton” (2010)</p>



<p>„Rekrutremy” (2011)</p>



<p>„Bywalcy Absurdutu” (2011)</p>



<p>&nbsp;„Alicja w lustrach” (2012)</p>



<p>„Niebostrzyg” (2012)</p>



<p>„Ostatnia ucieczka Brunona Schulza” (2012)</p>



<p>&#8222;Elektra&#8221; (2018)</p>



<p><strong>Scenografia:</strong></p>



<p>„Appendix” (2008)</p>



<p>„Senne łagodne prześwity” (2008, 2017)</p>



<p>„Dzień Blooma” (2009)</p>



<p>„Teatroza” (2010)</p>



<p>„Magistryton” (2010)</p>



<p>„Rekrutremy” (2011)</p>



<p>„Bywalcy Absurdutu” (2011)</p>



<p>„Fobie” (2012)</p>



<p>„Vitcatius” (2012)</p>



<p>„Niebostrzyg” (2012)</p>



<p>„Ostatnia ucieczka Brunona Schulza” (2012)</p>



<p>&#8222;Elektra&#8221; (2018)</p>



<p>&#8222;Frankenstein&#8221; (2021)</p>

<p>W Teatrze &#8222;U Przyjaciół&#8221; od 2006 roku. Autorka opraw plastycznych, scenografii, charakteryzatorka, aktorka, realizatorka świateł i dźwięku w niemal wszystkich spektaklach Teatru prezentowanych w ciągu kilku ostatnich lat. Absolwentka etnologii na UAM w Poznaniu. Role aktorskie w Teatrze &#8222;U Przyjaciół&#8221;: Członek trupy aktorskiej – „Legenda o św. Patryku” (2007) Mnich – „YMAKRAPE” (2007 – 2012)</p>
<div><a class="btn-filled btn" href="https://uprzyjaciol.pl/theatrum/teatr/trupa-teatralna/sylwia-pietrowiak/" title="Sylwia Pietrowiak">Dowiedz się więcej</a></div>
