{"id":424,"date":"2021-07-28T14:28:07","date_gmt":"2021-07-28T12:28:07","guid":{"rendered":"https:\/\/uprzyjaciol.pl\/theatrum\/?page_id=424"},"modified":"2021-07-28T14:28:11","modified_gmt":"2021-07-28T12:28:11","slug":"emilia-kucz","status":"publish","type":"page","link":"https:\/\/uprzyjaciol.pl\/theatrum\/teatr\/trupa-teatralna\/emilia-kucz\/","title":{"rendered":"Emilia Kucz"},"content":{"rendered":"\n<figure class=\"wp-block-image size-full\"><img loading=\"lazy\" width=\"640\" height=\"865\" src=\"https:\/\/uprzyjaciol.pl\/theatrum\/wp-content\/uploads\/2021\/07\/emilia-kucz.jpg\" alt=\"\" class=\"wp-image-425\" srcset=\"https:\/\/uprzyjaciol.pl\/theatrum\/wp-content\/uploads\/2021\/07\/emilia-kucz.jpg 640w, https:\/\/uprzyjaciol.pl\/theatrum\/wp-content\/uploads\/2021\/07\/emilia-kucz-222x300.jpg 222w\" sizes=\"(max-width: 640px) 100vw, 640px\" \/><\/figure>\n\n\n\n<p><em>Molly Bloom with polish passion.<\/em><\/p>\n\n\n\n<p>W Teatrze u Przyjaci\u00f3\u0142 od 2008 roku. Aktorka, logopeda, absolwentka filologii polskiej na UAM w Poznaniu.<\/p>\n\n\n\n<p><strong>Role w Teatrze u Przyjaci\u00f3\u0142:<\/strong><\/p>\n\n\n\n<p>Dusza Twierdz\u0105ca \u2013 \u201eAppendix\u201d (2008 \u2013 obecnie)<\/p>\n\n\n\n<p>Cz\u0142onek trupy aktorskiej \u2013 \u201eLegenda o \u015bw. Patryku\u201d (2009)<\/p>\n\n\n\n<p>Mnich \u2013 \u201eYMAKRAPE\u201d (2009 \u2013 2012)<\/p>\n\n\n\n<p>Lizawieta \u2013 \u201eSenne \u0142agodne prze\u015bwity\u201d (2009 &#8211; 2015)<\/p>\n\n\n\n<p>Molly Bloom \u2013 \u201eBloomsday\u201d (2009, 2010, 2011, 2012)<\/p>\n\n\n\n<p>Molly Bloom \u2013 \u201eDzie\u0144 Blooma\u201d (2009 \u2013 2012)<\/p>\n\n\n\n<p>Urz\u0119dniczka \u2013 \u201eMagistryton\u201d (2010 \u2013 2012)<\/p>\n\n\n\n<p>Amalia Bazbaryton \u2013 \u201eRekrutremy\u201d (2011 \u2013 2013)<\/p>\n\n\n\n<p>Eulalia Morfi\u0144ska \u2013 \u201eBywalcy Absurdutu\u201d (2011 &#8211; obecnie)<\/p>\n\n\n\n<p>Pokoj\u00f3wka Morella \u2013 \u201eOpowie\u015bci niesamowite \u2013 kryptyk\u201d (2011)<\/p>\n\n\n\n<p>Leszcz, pani Pleszewska \u2013 \u201eFobie\u201d (2012)<\/p>\n\n\n\n<p>Czerwona kr\u00f3lowa \u2013 \u201eAlicja w lustrach\u201d (2012)<\/p>\n\n\n\n<p>Nina, aktorka, sekundantka, turystka z Polski \u2013 \u201eVitcatius\u201d (2012 \u2013 2015)<\/p>\n\n\n\n<p>Adela \u2013 \u201eOstatnia ucieczka Brunona Schulza\u201d (2012 &#8211; 2015)<\/p>\n\n\n\n<p>Panna Anna &#8211; &#8222;Niebostrzyg&#8221; (2015)&nbsp;<\/p>\n\n\n\n<p><strong>Aktualnie gra w spektaklach: &#8222;<\/strong>Appendix\u201d, \u201eBywalcy Absurdutu\u201d, &#8222;Niebostrzyg&#8221;<\/p>\n","protected":false},"excerpt":{"rendered":"<p>Molly Bloom with polish passion. W Teatrze u Przyjaci\u00f3\u0142 od 2008 roku. Aktorka, logopeda, absolwentka filologii polskiej na UAM w Poznaniu. Role w Teatrze u Przyjaci\u00f3\u0142: Dusza Twierdz\u0105ca \u2013 \u201eAppendix\u201d (2008 \u2013 obecnie) Cz\u0142onek trupy aktorskiej \u2013 \u201eLegenda o \u015bw. Patryku\u201d (2009) Mnich \u2013 \u201eYMAKRAPE\u201d (2009 \u2013 2012) Lizawieta \u2013 \u201eSenne \u0142agodne prze\u015bwity\u201d (2009 &#8211;<\/p>\n<div><a class=\"btn-filled btn\" href=\"https:\/\/uprzyjaciol.pl\/theatrum\/teatr\/trupa-teatralna\/emilia-kucz\/\" title=\"Emilia Kucz\">Dowiedz si\u0119 wi\u0119cej<\/a><\/div>\n","protected":false},"author":6,"featured_media":0,"parent":26,"menu_order":0,"comment_status":"closed","ping_status":"closed","template":"","meta":[],"_links":{"self":[{"href":"https:\/\/uprzyjaciol.pl\/theatrum\/wp-json\/wp\/v2\/pages\/424"}],"collection":[{"href":"https:\/\/uprzyjaciol.pl\/theatrum\/wp-json\/wp\/v2\/pages"}],"about":[{"href":"https:\/\/uprzyjaciol.pl\/theatrum\/wp-json\/wp\/v2\/types\/page"}],"author":[{"embeddable":true,"href":"https:\/\/uprzyjaciol.pl\/theatrum\/wp-json\/wp\/v2\/users\/6"}],"replies":[{"embeddable":true,"href":"https:\/\/uprzyjaciol.pl\/theatrum\/wp-json\/wp\/v2\/comments?post=424"}],"version-history":[{"count":1,"href":"https:\/\/uprzyjaciol.pl\/theatrum\/wp-json\/wp\/v2\/pages\/424\/revisions"}],"predecessor-version":[{"id":426,"href":"https:\/\/uprzyjaciol.pl\/theatrum\/wp-json\/wp\/v2\/pages\/424\/revisions\/426"}],"up":[{"embeddable":true,"href":"https:\/\/uprzyjaciol.pl\/theatrum\/wp-json\/wp\/v2\/pages\/26"}],"wp:attachment":[{"href":"https:\/\/uprzyjaciol.pl\/theatrum\/wp-json\/wp\/v2\/media?parent=424"}],"curies":[{"name":"wp","href":"https:\/\/api.w.org\/{rel}","templated":true}]}}

<figure class="wp-block-image size-full"><img loading="lazy" width="640" height="865" src="https://uprzyjaciol.pl/theatrum/wp-content/uploads/2021/07/emilia-kucz.jpg" alt="" class="wp-image-425" srcset="https://uprzyjaciol.pl/theatrum/wp-content/uploads/2021/07/emilia-kucz.jpg 640w, https://uprzyjaciol.pl/theatrum/wp-content/uploads/2021/07/emilia-kucz-222x300.jpg 222w" sizes="(max-width: 640px) 100vw, 640px" /></figure>



<p><em>Molly Bloom with polish passion.</em></p>



<p>W Teatrze u Przyjaciół od 2008 roku. Aktorka, logopeda, absolwentka filologii polskiej na UAM w Poznaniu.</p>



<p><strong>Role w Teatrze u Przyjaciół:</strong></p>



<p>Dusza Twierdząca – „Appendix” (2008 – obecnie)</p>



<p>Członek trupy aktorskiej – „Legenda o św. Patryku” (2009)</p>



<p>Mnich – „YMAKRAPE” (2009 – 2012)</p>



<p>Lizawieta – „Senne łagodne prześwity” (2009 &#8211; 2015)</p>



<p>Molly Bloom – „Bloomsday” (2009, 2010, 2011, 2012)</p>



<p>Molly Bloom – „Dzień Blooma” (2009 – 2012)</p>



<p>Urzędniczka – „Magistryton” (2010 – 2012)</p>



<p>Amalia Bazbaryton – „Rekrutremy” (2011 – 2013)</p>



<p>Eulalia Morfińska – „Bywalcy Absurdutu” (2011 &#8211; obecnie)</p>



<p>Pokojówka Morella – „Opowieści niesamowite – kryptyk” (2011)</p>



<p>Leszcz, pani Pleszewska – „Fobie” (2012)</p>



<p>Czerwona królowa – „Alicja w lustrach” (2012)</p>



<p>Nina, aktorka, sekundantka, turystka z Polski – „Vitcatius” (2012 – 2015)</p>



<p>Adela – „Ostatnia ucieczka Brunona Schulza” (2012 &#8211; 2015)</p>



<p>Panna Anna &#8211; &#8222;Niebostrzyg&#8221; (2015)&nbsp;</p>



<p><strong>Aktualnie gra w spektaklach: &#8222;</strong>Appendix”, „Bywalcy Absurdutu”, &#8222;Niebostrzyg&#8221;</p>

<p>Molly Bloom with polish passion. W Teatrze u Przyjaciół od 2008 roku. Aktorka, logopeda, absolwentka filologii polskiej na UAM w Poznaniu. Role w Teatrze u Przyjaciół: Dusza Twierdząca – „Appendix” (2008 – obecnie) Członek trupy aktorskiej – „Legenda o św. Patryku” (2009) Mnich – „YMAKRAPE” (2009 – 2012) Lizawieta – „Senne łagodne prześwity” (2009 &#8211;</p>
<div><a class="btn-filled btn" href="https://uprzyjaciol.pl/theatrum/teatr/trupa-teatralna/emilia-kucz/" title="Emilia Kucz">Dowiedz się więcej</a></div>
