{"id":421,"date":"2021-07-28T14:25:54","date_gmt":"2021-07-28T12:25:54","guid":{"rendered":"https:\/\/uprzyjaciol.pl\/theatrum\/?page_id=421"},"modified":"2025-07-15T13:37:53","modified_gmt":"2025-07-15T11:37:53","slug":"pawel-kolasa","status":"publish","type":"page","link":"https:\/\/uprzyjaciol.pl\/theatrum\/teatr\/trupa-teatralna\/pawel-kolasa\/","title":{"rendered":"Pawe\u0142 Kolasa"},"content":{"rendered":"\n<figure class=\"wp-block-image size-full\"><img loading=\"lazy\" width=\"808\" height=\"640\" src=\"https:\/\/uprzyjaciol.pl\/theatrum\/wp-content\/uploads\/2021\/07\/pawel-kolasa.jpg\" alt=\"\" class=\"wp-image-422\" srcset=\"https:\/\/uprzyjaciol.pl\/theatrum\/wp-content\/uploads\/2021\/07\/pawel-kolasa.jpg 808w, https:\/\/uprzyjaciol.pl\/theatrum\/wp-content\/uploads\/2021\/07\/pawel-kolasa-300x238.jpg 300w, https:\/\/uprzyjaciol.pl\/theatrum\/wp-content\/uploads\/2021\/07\/pawel-kolasa-768x608.jpg 768w\" sizes=\"(max-width: 808px) 100vw, 808px\" \/><\/figure>\n\n\n\n<p><em>Rzecz\u0105 wa\u017cniejsz\u0105 od wiedzy jest wyobra\u017ania.<\/em><\/p>\n\n\n\n<p>W Teatrze &#8222;U Przyjaci\u00f3\u0142&#8221; od 2009 roku. Aktor, prawnik, absolwent prawa na UAM w Poznaniu.<\/p>\n\n\n\n<p><strong>Role aktorskie w Teatrze &#8222;U Przyjaci\u00f3\u0142&#8221;:<\/strong><\/p>\n\n\n\n<p>Cz\u0142onek orkiestry \u201eM\u0119tny Tryton\u201d \u2013 \u201ePasje i obsesje Teodora Astray\u201d (2009)<\/p>\n\n\n\n<p>Dusza krety\u0144ska \u2013 \u201eAppendix\u201d (2009)<\/p>\n\n\n\n<p>Lekarz mesmerysta \u2013 \u201eOpowie\u015bci niesamowite \u2013 kryptyk\u201d (2009, 2011)<\/p>\n\n\n\n<p>Cz\u0142onek trupy teatralnej \u2013 \u201eLegenda o \u015bw. Patryku\u201d&nbsp; (2010, 2011, 2012, 2013)<\/p>\n\n\n\n<p>Urz\u0119dnik \u2013 \u201eMagistryton\u201d (2010 \u2013 2012)<\/p>\n\n\n\n<p>Papiak \u2013 \u201eRekrutremy\u201d (2011 \u2013 2012)<\/p>\n\n\n\n<p>Kryspin Chuczny\/ Wies\u0142aw Prymarny \u2013 \u201eBywalcy Absurdutu\u201d (2011)<\/p>\n\n\n\n<p>Gribojedow \u2013 \u201eSenne \u0142agodne prze\u015bwity\u201d (2011)<\/p>\n\n\n\n<p>Siedemdziesi\u0119ciotrzyletni kasjer \u2013 \u201eFobie\u201d (2012)<\/p>\n\n\n\n<p>Konduktor, Walet \u2013 \u201eAlicja w lustrach\u201d (2012)<\/p>\n\n\n\n<p>Martwy d\u017centelmen drugi \u2013 \u201eNiebostrzyg\u201d (2012)<\/p>\n\n\n\n<p>Redaktor \u201eFreeman\u2019s Journal\u201d \u2013 \u201eBloomsday\u201d (2013)<\/p>\n\n\n\n<p>Mnich, Ojciec &#8211; &#8222;Horla. Przypadek rodziny Sabl\u00e9&#8221; (2017)<\/p>\n\n\n\n<p>Dyrektor &#8211; &#8222;Senne \u0142agodne prze\u015bwity&#8221; (2023)<\/p>\n\n\n\n<p>Dusza 3 &#8211; &#8222;Witkacy-Variete&#8221; (2025)<\/p>\n\n\n\n<p><strong>Aktualnie gra w spektaklach:\u00a0<\/strong>&#8222;Senne \u0142agodne prze\u015bwity&#8221;, &#8222;Witkacy-Variete&#8221;<\/p>\n","protected":false},"excerpt":{"rendered":"<p>Rzecz\u0105 wa\u017cniejsz\u0105 od wiedzy jest wyobra\u017ania. W Teatrze &#8222;U Przyjaci\u00f3\u0142&#8221; od 2009 roku. Aktor, prawnik, absolwent prawa na UAM w Poznaniu. Role aktorskie w Teatrze &#8222;U Przyjaci\u00f3\u0142&#8221;: Cz\u0142onek orkiestry \u201eM\u0119tny Tryton\u201d \u2013 \u201ePasje i obsesje Teodora Astray\u201d (2009) Dusza krety\u0144ska \u2013 \u201eAppendix\u201d (2009) Lekarz mesmerysta \u2013 \u201eOpowie\u015bci niesamowite \u2013 kryptyk\u201d (2009, 2011) Cz\u0142onek trupy teatralnej<\/p>\n<div><a class=\"btn-filled btn\" href=\"https:\/\/uprzyjaciol.pl\/theatrum\/teatr\/trupa-teatralna\/pawel-kolasa\/\" title=\"Pawe\u0142 Kolasa\">Dowiedz si\u0119 wi\u0119cej<\/a><\/div>\n","protected":false},"author":6,"featured_media":0,"parent":26,"menu_order":0,"comment_status":"closed","ping_status":"closed","template":"","meta":[],"_links":{"self":[{"href":"https:\/\/uprzyjaciol.pl\/theatrum\/wp-json\/wp\/v2\/pages\/421"}],"collection":[{"href":"https:\/\/uprzyjaciol.pl\/theatrum\/wp-json\/wp\/v2\/pages"}],"about":[{"href":"https:\/\/uprzyjaciol.pl\/theatrum\/wp-json\/wp\/v2\/types\/page"}],"author":[{"embeddable":true,"href":"https:\/\/uprzyjaciol.pl\/theatrum\/wp-json\/wp\/v2\/users\/6"}],"replies":[{"embeddable":true,"href":"https:\/\/uprzyjaciol.pl\/theatrum\/wp-json\/wp\/v2\/comments?post=421"}],"version-history":[{"count":3,"href":"https:\/\/uprzyjaciol.pl\/theatrum\/wp-json\/wp\/v2\/pages\/421\/revisions"}],"predecessor-version":[{"id":2320,"href":"https:\/\/uprzyjaciol.pl\/theatrum\/wp-json\/wp\/v2\/pages\/421\/revisions\/2320"}],"up":[{"embeddable":true,"href":"https:\/\/uprzyjaciol.pl\/theatrum\/wp-json\/wp\/v2\/pages\/26"}],"wp:attachment":[{"href":"https:\/\/uprzyjaciol.pl\/theatrum\/wp-json\/wp\/v2\/media?parent=421"}],"curies":[{"name":"wp","href":"https:\/\/api.w.org\/{rel}","templated":true}]}}

Paweł Kolasa

<figure class="wp-block-image size-full"><img loading="lazy" width="808" height="640" src="https://uprzyjaciol.pl/theatrum/wp-content/uploads/2021/07/pawel-kolasa.jpg" alt="" class="wp-image-422" srcset="https://uprzyjaciol.pl/theatrum/wp-content/uploads/2021/07/pawel-kolasa.jpg 808w, https://uprzyjaciol.pl/theatrum/wp-content/uploads/2021/07/pawel-kolasa-300x238.jpg 300w, https://uprzyjaciol.pl/theatrum/wp-content/uploads/2021/07/pawel-kolasa-768x608.jpg 768w" sizes="(max-width: 808px) 100vw, 808px" /></figure>



<p><em>Rzeczą ważniejszą od wiedzy jest wyobraźnia.</em></p>



<p>W Teatrze &#8222;U Przyjaciół&#8221; od 2009 roku. Aktor, prawnik, absolwent prawa na UAM w Poznaniu.</p>



<p><strong>Role aktorskie w Teatrze &#8222;U Przyjaciół&#8221;:</strong></p>



<p>Członek orkiestry „Mętny Tryton” – „Pasje i obsesje Teodora Astray” (2009)</p>



<p>Dusza kretyńska – „Appendix” (2009)</p>



<p>Lekarz mesmerysta – „Opowieści niesamowite – kryptyk” (2009, 2011)</p>



<p>Członek trupy teatralnej – „Legenda o św. Patryku”&nbsp; (2010, 2011, 2012, 2013)</p>



<p>Urzędnik – „Magistryton” (2010 – 2012)</p>



<p>Papiak – „Rekrutremy” (2011 – 2012)</p>



<p>Kryspin Chuczny/ Wiesław Prymarny – „Bywalcy Absurdutu” (2011)</p>



<p>Gribojedow – „Senne łagodne prześwity” (2011)</p>



<p>Siedemdziesięciotrzyletni kasjer – „Fobie” (2012)</p>



<p>Konduktor, Walet – „Alicja w lustrach” (2012)</p>



<p>Martwy dżentelmen drugi – „Niebostrzyg” (2012)</p>



<p>Redaktor „Freeman’s Journal” – „Bloomsday” (2013)</p>



<p>Mnich, Ojciec &#8211; &#8222;Horla. Przypadek rodziny Sablé&#8221; (2017)</p>



<p>Dyrektor &#8211; &#8222;Senne łagodne prześwity&#8221; (2023)</p>



<p>Dusza 3 &#8211; &#8222;Witkacy-Variete&#8221; (2025)</p>



<p><strong>Aktualnie gra w spektaklach: </strong>&#8222;Senne łagodne prześwity&#8221;, &#8222;Witkacy-Variete&#8221;</p>

<p>Rzeczą ważniejszą od wiedzy jest wyobraźnia. W Teatrze &#8222;U Przyjaciół&#8221; od 2009 roku. Aktor, prawnik, absolwent prawa na UAM w Poznaniu. Role aktorskie w Teatrze &#8222;U Przyjaciół&#8221;: Członek orkiestry „Mętny Tryton” – „Pasje i obsesje Teodora Astray” (2009) Dusza kretyńska – „Appendix” (2009) Lekarz mesmerysta – „Opowieści niesamowite – kryptyk” (2009, 2011) Członek trupy teatralnej</p>
<div><a class="btn-filled btn" href="https://uprzyjaciol.pl/theatrum/teatr/trupa-teatralna/pawel-kolasa/" title="Paweł Kolasa">Dowiedz się więcej</a></div>
