{"id":418,"date":"2021-07-28T14:23:59","date_gmt":"2021-07-28T12:23:59","guid":{"rendered":"https:\/\/uprzyjaciol.pl\/theatrum\/?page_id=418"},"modified":"2022-05-24T12:35:35","modified_gmt":"2022-05-24T10:35:35","slug":"karolina-mingielewicz","status":"publish","type":"page","link":"https:\/\/uprzyjaciol.pl\/theatrum\/teatr\/trupa-teatralna\/karolina-mingielewicz\/","title":{"rendered":"Karolina Mingielewicz"},"content":{"rendered":"\n<figure class=\"wp-block-image size-large\"><img loading=\"lazy\" width=\"766\" height=\"1024\" src=\"https:\/\/uprzyjaciol.pl\/theatrum\/wp-content\/uploads\/2021\/07\/karolina-mingielewicz-766x1024.jpg\" alt=\"\" class=\"wp-image-419\" srcset=\"https:\/\/uprzyjaciol.pl\/theatrum\/wp-content\/uploads\/2021\/07\/karolina-mingielewicz-766x1024.jpg 766w, https:\/\/uprzyjaciol.pl\/theatrum\/wp-content\/uploads\/2021\/07\/karolina-mingielewicz-224x300.jpg 224w, https:\/\/uprzyjaciol.pl\/theatrum\/wp-content\/uploads\/2021\/07\/karolina-mingielewicz-768x1027.jpg 768w, https:\/\/uprzyjaciol.pl\/theatrum\/wp-content\/uploads\/2021\/07\/karolina-mingielewicz-1149x1536.jpg 1149w, https:\/\/uprzyjaciol.pl\/theatrum\/wp-content\/uploads\/2021\/07\/karolina-mingielewicz.jpg 1532w\" sizes=\"(max-width: 766px) 100vw, 766px\" \/><\/figure>\n\n\n\n<p>&#8222;Kafka i \u015bniadanko&#8221;<\/p>\n\n\n\n<p>W Teatrze &#8222;U Przyjaci\u00f3\u0142&#8221; od 2013 roku.<\/p>\n\n\n\n<p><strong>Role aktorskie w Teatrze &#8222;U Przyjaci\u00f3\u0142&#8221;<\/strong>:<\/p>\n\n\n\n<p>Dr Letalia\u00a0 &#8211; &#8222;Niebostrzyg&#8221; (2015)<br>K. &#8211; &#8222;Kafka&#8221; (2015)<br>Siostra Lizawieta &#8211; &#8222;Senne \u0142agodne prze\u015bwity&#8221; (2019)<br>Leszcz, Pleszewska &#8211; &#8222;Fobie&#8221; (2019)<\/p>\n","protected":false},"excerpt":{"rendered":"<p>&#8222;Kafka i \u015bniadanko&#8221; W Teatrze &#8222;U Przyjaci\u00f3\u0142&#8221; od 2013 roku. Role aktorskie w Teatrze &#8222;U Przyjaci\u00f3\u0142&#8221;: Dr Letalia\u00a0 &#8211; &#8222;Niebostrzyg&#8221; (2015)K. &#8211; &#8222;Kafka&#8221; (2015)Siostra Lizawieta &#8211; &#8222;Senne \u0142agodne prze\u015bwity&#8221; (2019)Leszcz, Pleszewska &#8211; &#8222;Fobie&#8221; (2019)<\/p>\n","protected":false},"author":6,"featured_media":0,"parent":26,"menu_order":0,"comment_status":"closed","ping_status":"closed","template":"","meta":[],"_links":{"self":[{"href":"https:\/\/uprzyjaciol.pl\/theatrum\/wp-json\/wp\/v2\/pages\/418"}],"collection":[{"href":"https:\/\/uprzyjaciol.pl\/theatrum\/wp-json\/wp\/v2\/pages"}],"about":[{"href":"https:\/\/uprzyjaciol.pl\/theatrum\/wp-json\/wp\/v2\/types\/page"}],"author":[{"embeddable":true,"href":"https:\/\/uprzyjaciol.pl\/theatrum\/wp-json\/wp\/v2\/users\/6"}],"replies":[{"embeddable":true,"href":"https:\/\/uprzyjaciol.pl\/theatrum\/wp-json\/wp\/v2\/comments?post=418"}],"version-history":[{"count":2,"href":"https:\/\/uprzyjaciol.pl\/theatrum\/wp-json\/wp\/v2\/pages\/418\/revisions"}],"predecessor-version":[{"id":704,"href":"https:\/\/uprzyjaciol.pl\/theatrum\/wp-json\/wp\/v2\/pages\/418\/revisions\/704"}],"up":[{"embeddable":true,"href":"https:\/\/uprzyjaciol.pl\/theatrum\/wp-json\/wp\/v2\/pages\/26"}],"wp:attachment":[{"href":"https:\/\/uprzyjaciol.pl\/theatrum\/wp-json\/wp\/v2\/media?parent=418"}],"curies":[{"name":"wp","href":"https:\/\/api.w.org\/{rel}","templated":true}]}}