{"id":415,"date":"2021-07-28T14:22:00","date_gmt":"2021-07-28T12:22:00","guid":{"rendered":"https:\/\/uprzyjaciol.pl\/theatrum\/?page_id=415"},"modified":"2021-07-28T14:22:04","modified_gmt":"2021-07-28T12:22:04","slug":"alicja-kalemba","status":"publish","type":"page","link":"https:\/\/uprzyjaciol.pl\/theatrum\/teatr\/trupa-teatralna\/alicja-kalemba\/","title":{"rendered":"Alicja Kalemba"},"content":{"rendered":"\n<figure class=\"wp-block-image size-large\"><img loading=\"lazy\" width=\"683\" height=\"1024\" src=\"https:\/\/uprzyjaciol.pl\/theatrum\/wp-content\/uploads\/2021\/07\/alicja-kalemba-683x1024.jpg\" alt=\"\" class=\"wp-image-416\" srcset=\"https:\/\/uprzyjaciol.pl\/theatrum\/wp-content\/uploads\/2021\/07\/alicja-kalemba-683x1024.jpg 683w, https:\/\/uprzyjaciol.pl\/theatrum\/wp-content\/uploads\/2021\/07\/alicja-kalemba-200x300.jpg 200w, https:\/\/uprzyjaciol.pl\/theatrum\/wp-content\/uploads\/2021\/07\/alicja-kalemba-768x1152.jpg 768w, https:\/\/uprzyjaciol.pl\/theatrum\/wp-content\/uploads\/2021\/07\/alicja-kalemba.jpg 800w\" sizes=\"(max-width: 683px) 100vw, 683px\" \/><\/figure>\n\n\n\n<p>W Zespole Teatru &#8222;U Przyjaci\u00f3\u0142&#8221; od 2017 roku.<\/p>\n\n\n\n<p><strong>Role aktorskie w Teatrze &#8222;U Przyjaci\u00f3\u0142&#8221;:<\/strong><\/p>\n\n\n\n<p>Panna Douce &#8211; &#8222;Bloomsday&#8221; (2017)<br>Lizawieta (siostra Gribojedowa) &#8211; &#8222;Senne \u0142agodne prze\u015bwity&#8221; (2017)<br>Olga Serdelska-P\u0142ot &#8211; &#8222;Teatroza vel Rekrutremy&#8221; (2018)<br>Cie\u0144 &#8211; &#8222;Legenda o \u015bwi\u0119tym Patryku&#8221; (2018)<br>Molly Bloom &#8211; &#8222;Ulisses&#8221; (2018)<br>Ja &#8211; &#8222;Gomber&#8221; (2019)<\/p>\n","protected":false},"excerpt":{"rendered":"<p>W Zespole Teatru &#8222;U Przyjaci\u00f3\u0142&#8221; od 2017 roku. Role aktorskie w Teatrze &#8222;U Przyjaci\u00f3\u0142&#8221;: Panna Douce &#8211; &#8222;Bloomsday&#8221; (2017)Lizawieta (siostra Gribojedowa) &#8211; &#8222;Senne \u0142agodne prze\u015bwity&#8221; (2017)Olga Serdelska-P\u0142ot &#8211; &#8222;Teatroza vel Rekrutremy&#8221; (2018)Cie\u0144 &#8211; &#8222;Legenda o \u015bwi\u0119tym Patryku&#8221; (2018)Molly Bloom &#8211; &#8222;Ulisses&#8221; (2018)Ja &#8211; &#8222;Gomber&#8221; (2019)<\/p>\n","protected":false},"author":6,"featured_media":0,"parent":26,"menu_order":0,"comment_status":"closed","ping_status":"closed","template":"","meta":[],"_links":{"self":[{"href":"https:\/\/uprzyjaciol.pl\/theatrum\/wp-json\/wp\/v2\/pages\/415"}],"collection":[{"href":"https:\/\/uprzyjaciol.pl\/theatrum\/wp-json\/wp\/v2\/pages"}],"about":[{"href":"https:\/\/uprzyjaciol.pl\/theatrum\/wp-json\/wp\/v2\/types\/page"}],"author":[{"embeddable":true,"href":"https:\/\/uprzyjaciol.pl\/theatrum\/wp-json\/wp\/v2\/users\/6"}],"replies":[{"embeddable":true,"href":"https:\/\/uprzyjaciol.pl\/theatrum\/wp-json\/wp\/v2\/comments?post=415"}],"version-history":[{"count":1,"href":"https:\/\/uprzyjaciol.pl\/theatrum\/wp-json\/wp\/v2\/pages\/415\/revisions"}],"predecessor-version":[{"id":417,"href":"https:\/\/uprzyjaciol.pl\/theatrum\/wp-json\/wp\/v2\/pages\/415\/revisions\/417"}],"up":[{"embeddable":true,"href":"https:\/\/uprzyjaciol.pl\/theatrum\/wp-json\/wp\/v2\/pages\/26"}],"wp:attachment":[{"href":"https:\/\/uprzyjaciol.pl\/theatrum\/wp-json\/wp\/v2\/media?parent=415"}],"curies":[{"name":"wp","href":"https:\/\/api.w.org\/{rel}","templated":true}]}}

<figure class="wp-block-image size-large"><img loading="lazy" width="683" height="1024" src="https://uprzyjaciol.pl/theatrum/wp-content/uploads/2021/07/alicja-kalemba-683x1024.jpg" alt="" class="wp-image-416" srcset="https://uprzyjaciol.pl/theatrum/wp-content/uploads/2021/07/alicja-kalemba-683x1024.jpg 683w, https://uprzyjaciol.pl/theatrum/wp-content/uploads/2021/07/alicja-kalemba-200x300.jpg 200w, https://uprzyjaciol.pl/theatrum/wp-content/uploads/2021/07/alicja-kalemba-768x1152.jpg 768w, https://uprzyjaciol.pl/theatrum/wp-content/uploads/2021/07/alicja-kalemba.jpg 800w" sizes="(max-width: 683px) 100vw, 683px" /></figure>



<p>W Zespole Teatru &#8222;U Przyjaciół&#8221; od 2017 roku.</p>



<p><strong>Role aktorskie w Teatrze &#8222;U Przyjaciół&#8221;:</strong></p>



<p>Panna Douce &#8211; &#8222;Bloomsday&#8221; (2017)<br>Lizawieta (siostra Gribojedowa) &#8211; &#8222;Senne łagodne prześwity&#8221; (2017)<br>Olga Serdelska-Płot &#8211; &#8222;Teatroza vel Rekrutremy&#8221; (2018)<br>Cień &#8211; &#8222;Legenda o świętym Patryku&#8221; (2018)<br>Molly Bloom &#8211; &#8222;Ulisses&#8221; (2018)<br>Ja &#8211; &#8222;Gomber&#8221; (2019)</p>

<p>W Zespole Teatru &#8222;U Przyjaciół&#8221; od 2017 roku. Role aktorskie w Teatrze &#8222;U Przyjaciół&#8221;: Panna Douce &#8211; &#8222;Bloomsday&#8221; (2017)Lizawieta (siostra Gribojedowa) &#8211; &#8222;Senne łagodne prześwity&#8221; (2017)Olga Serdelska-Płot &#8211; &#8222;Teatroza vel Rekrutremy&#8221; (2018)Cień &#8211; &#8222;Legenda o świętym Patryku&#8221; (2018)Molly Bloom &#8211; &#8222;Ulisses&#8221; (2018)Ja &#8211; &#8222;Gomber&#8221; (2019)</p>
