{"id":261,"date":"2021-07-23T12:25:34","date_gmt":"2021-07-23T10:25:34","guid":{"rendered":"https:\/\/uprzyjaciol.pl\/theatrum\/?page_id=261"},"modified":"2023-02-28T14:31:59","modified_gmt":"2023-02-28T13:31:59","slug":"patryk-gorny","status":"publish","type":"page","link":"https:\/\/uprzyjaciol.pl\/theatrum\/teatr\/trupa-teatralna\/patryk-gorny\/","title":{"rendered":"Patryk G\u00f3rny"},"content":{"rendered":"\n<figure class=\"wp-block-image size-full\"><img loading=\"lazy\" width=\"800\" height=\"607\" src=\"https:\/\/uprzyjaciol.pl\/theatrum\/wp-content\/uploads\/2021\/07\/patryk-grorny.jpg\" alt=\"\" class=\"wp-image-262\" srcset=\"https:\/\/uprzyjaciol.pl\/theatrum\/wp-content\/uploads\/2021\/07\/patryk-grorny.jpg 800w, https:\/\/uprzyjaciol.pl\/theatrum\/wp-content\/uploads\/2021\/07\/patryk-grorny-300x228.jpg 300w, https:\/\/uprzyjaciol.pl\/theatrum\/wp-content\/uploads\/2021\/07\/patryk-grorny-768x583.jpg 768w\" sizes=\"(max-width: 800px) 100vw, 800px\" \/><\/figure>\n\n\n\n<p>W Teatrze &#8222;U Przyjaci\u00f3\u0142&#8221; od 2014. Aktor z zami\u0142owania.<\/p>\n\n\n\n<p>Poza teatrem dzia\u0142a te\u017c w kabarecie.<\/p>\n\n\n\n<p>Wieczorami widuje si\u0119 go pono\u0107 na treningach judo.<\/p>\n\n\n\n<p><strong>Role aktorskie w Teatrze &#8222;U Przyjaci\u00f3\u0142&#8221;:<\/strong><\/p>\n\n\n\n<p>Cie\u0144 &#8211; &#8222;Legenda o \u015awi\u0119tym Patryku&#8221; (2014)<\/p>\n\n\n\n<p>Pan G\u0105sienica &#8211; \u201eAlicja w lustrach\u201d (2014)<\/p>\n\n\n\n<p>Ksi\u0119gowy, Fl\u0105dra &#8211; &#8222;Fobie&#8221; (2015)<\/p>\n\n\n\n<p>Dorian Gray &#8211; &#8222;Portret Doriana Wilde&#8217;a&#8221; (od 2019)<\/p>\n\n\n\n<p>dr Frankenstein &#8211; &#8222;Frankenstein&#8221; (od 2023)<\/p>\n","protected":false},"excerpt":{"rendered":"<p>W Teatrze &#8222;U Przyjaci\u00f3\u0142&#8221; od 2014. Aktor z zami\u0142owania. Poza teatrem dzia\u0142a te\u017c w kabarecie. Wieczorami widuje si\u0119 go pono\u0107 na treningach judo. Role aktorskie w Teatrze &#8222;U Przyjaci\u00f3\u0142&#8221;: Cie\u0144 &#8211; &#8222;Legenda o \u015awi\u0119tym Patryku&#8221; (2014) Pan G\u0105sienica &#8211; \u201eAlicja w lustrach\u201d (2014) Ksi\u0119gowy, Fl\u0105dra &#8211; &#8222;Fobie&#8221; (2015) Dorian Gray &#8211; &#8222;Portret Doriana Wilde&#8217;a&#8221; (od<\/p>\n<div><a class=\"btn-filled btn\" href=\"https:\/\/uprzyjaciol.pl\/theatrum\/teatr\/trupa-teatralna\/patryk-gorny\/\" title=\"Patryk G\u00f3rny\">Dowiedz si\u0119 wi\u0119cej<\/a><\/div>\n","protected":false},"author":6,"featured_media":0,"parent":26,"menu_order":0,"comment_status":"closed","ping_status":"closed","template":"","meta":[],"_links":{"self":[{"href":"https:\/\/uprzyjaciol.pl\/theatrum\/wp-json\/wp\/v2\/pages\/261"}],"collection":[{"href":"https:\/\/uprzyjaciol.pl\/theatrum\/wp-json\/wp\/v2\/pages"}],"about":[{"href":"https:\/\/uprzyjaciol.pl\/theatrum\/wp-json\/wp\/v2\/types\/page"}],"author":[{"embeddable":true,"href":"https:\/\/uprzyjaciol.pl\/theatrum\/wp-json\/wp\/v2\/users\/6"}],"replies":[{"embeddable":true,"href":"https:\/\/uprzyjaciol.pl\/theatrum\/wp-json\/wp\/v2\/comments?post=261"}],"version-history":[{"count":2,"href":"https:\/\/uprzyjaciol.pl\/theatrum\/wp-json\/wp\/v2\/pages\/261\/revisions"}],"predecessor-version":[{"id":1542,"href":"https:\/\/uprzyjaciol.pl\/theatrum\/wp-json\/wp\/v2\/pages\/261\/revisions\/1542"}],"up":[{"embeddable":true,"href":"https:\/\/uprzyjaciol.pl\/theatrum\/wp-json\/wp\/v2\/pages\/26"}],"wp:attachment":[{"href":"https:\/\/uprzyjaciol.pl\/theatrum\/wp-json\/wp\/v2\/media?parent=261"}],"curies":[{"name":"wp","href":"https:\/\/api.w.org\/{rel}","templated":true}]}}

Patryk Górny

<figure class="wp-block-image size-full"><img loading="lazy" width="800" height="607" src="https://uprzyjaciol.pl/theatrum/wp-content/uploads/2021/07/patryk-grorny.jpg" alt="" class="wp-image-262" srcset="https://uprzyjaciol.pl/theatrum/wp-content/uploads/2021/07/patryk-grorny.jpg 800w, https://uprzyjaciol.pl/theatrum/wp-content/uploads/2021/07/patryk-grorny-300x228.jpg 300w, https://uprzyjaciol.pl/theatrum/wp-content/uploads/2021/07/patryk-grorny-768x583.jpg 768w" sizes="(max-width: 800px) 100vw, 800px" /></figure>



<p>W Teatrze &#8222;U Przyjaciół&#8221; od 2014. Aktor z zamiłowania.</p>



<p>Poza teatrem działa też w kabarecie.</p>



<p>Wieczorami widuje się go ponoć na treningach judo.</p>



<p><strong>Role aktorskie w Teatrze &#8222;U Przyjaciół&#8221;:</strong></p>



<p>Cień &#8211; &#8222;Legenda o Świętym Patryku&#8221; (2014)</p>



<p>Pan Gąsienica &#8211; „Alicja w lustrach” (2014)</p>



<p>Księgowy, Flądra &#8211; &#8222;Fobie&#8221; (2015)</p>



<p>Dorian Gray &#8211; &#8222;Portret Doriana Wilde&#8217;a&#8221; (od 2019)</p>



<p>dr Frankenstein &#8211; &#8222;Frankenstein&#8221; (od 2023)</p>

<p>W Teatrze &#8222;U Przyjaciół&#8221; od 2014. Aktor z zamiłowania. Poza teatrem działa też w kabarecie. Wieczorami widuje się go ponoć na treningach judo. Role aktorskie w Teatrze &#8222;U Przyjaciół&#8221;: Cień &#8211; &#8222;Legenda o Świętym Patryku&#8221; (2014) Pan Gąsienica &#8211; „Alicja w lustrach” (2014) Księgowy, Flądra &#8211; &#8222;Fobie&#8221; (2015) Dorian Gray &#8211; &#8222;Portret Doriana Wilde&#8217;a&#8221; (od</p>
<div><a class="btn-filled btn" href="https://uprzyjaciol.pl/theatrum/teatr/trupa-teatralna/patryk-gorny/" title="Patryk Górny">Dowiedz się więcej</a></div>
