{"id":24,"date":"2021-02-11T11:38:16","date_gmt":"2021-02-11T10:38:16","guid":{"rendered":"https:\/\/uprzyjaciol.pl\/theatrum\/?page_id=24"},"modified":"2022-10-28T13:26:40","modified_gmt":"2022-10-28T11:26:40","slug":"o-teatrze","status":"publish","type":"page","link":"https:\/\/uprzyjaciol.pl\/theatrum\/teatr\/o-teatrze\/","title":{"rendered":"O teatrze"},"content":{"rendered":"\n<p class=\"has-text-align-left\"><strong>TEATR &#8222;U PRZYJACI\u00d3\u0141&#8221;<\/strong>&nbsp;powsta\u0142 w 2003 roku w Kawiarni Literackiej U Przyjaci\u00f3\u0142. Pierwszy spektakl pod szyldem Kawiarenki Literackiej U Przyjaci\u00f3\u0142. Nast\u0119pnie zainspirowani Wiosn\u0105 Schulza (2003) jako Trupa Oniryczna Sanatorium U Przyjaci\u00f3\u0142 (Jesie\u0144 Witkacego). Od 2003 do 2006 reprezentowany przez U PRZYJACI\u00d3\u0141 KAWIARNI\u0118 &#8211; KLUB &#8211; TEATR wraz z rozwojem dzia\u0142a\u0144 teatralnych, filmowych i kulturotw\u00f3rczych powsta\u0142 zamys\u0142 sformalizowania poczyna\u0144 Teatralnych skupionych wok\u00f3\u0142 Kawiarni, dlatego od lipca 2006 Teatr U Przyjaci\u00f3\u0142 reprezentowany jest poprzez Stowarzyszenie Teatralne &#8222;U Przyjaci\u00f3\u0142&#8221;.<\/p>\n\n\n\n<figure class=\"wp-block-embed is-type-rich is-provider-obsluga-osadzania wp-block-embed-obsluga-osadzania wp-embed-aspect-16-9 wp-has-aspect-ratio\"><div class=\"wp-block-embed__wrapper\">\n<iframe loading=\"lazy\" title=\"Teatr U Przyjaci\u00f3\u0142 | Showreel\" width=\"1140\" height=\"641\" src=\"https:\/\/www.youtube.com\/embed\/eYDqq9Gp4xw?feature=oembed\" frameborder=\"0\" allow=\"accelerometer; autoplay; clipboard-write; encrypted-media; gyroscope; picture-in-picture\" allowfullscreen><\/iframe>\n<\/div><\/figure>\n\n\n\n<p>Powsta\u0142y w 2003 roku teatr, od pocz\u0105tku czerpie inspiracje z literatury. Pierwsze przedstawienie &#8211; &#8222;Wiosna Schulza&#8221; (2003) po\u015bwiadczy\u0142o zasadnicze cechy grupy i jej dalszych dzia\u0142a\u0144: specjaln\u0105 spo\u0142eczno\u015b\u0107, uleg\u0142o\u015b\u0107 wobec pasji i osobno\u015b\u0107 wobec gotowych format\u00f3w codzienno\u015bci. Spo\u0142eczny jest Teatr &#8222;U Przyjaci\u00f3\u0142&#8221; o tyle, \u017ce co prawda tworzy go grupa os\u00f3b \u015bci\u015ble (i ci\u0105gle) wsp\u00f3\u0142pracuj\u0105cych ze sob\u0105, ale jednak nie jest zamkni\u0119ty na nowych mi\u0142o\u015bnik\u00f3w. Poniewa\u017c nazwa stanowi du\u017ce zobowi\u0105zanie, dlatego te\u017c istotna jest wsp\u00f3\u0142praca &#8211; niemotywowana wiekiem, zajmowanym stanowiskiem czy sta\u017cem.Tu pojawia si\u0119 uleg\u0142o\u015b\u0107 wobec pasji. Na pocz\u0105tku drogi do spektaklu zwykle pojawia si\u0119 bowiem idea (wywiedziona z literatury, filmu czy muzyki), kt\u00f3ra skrupulatnie transponowana jest p\u00f3\u017aniej na przedstawienie. W\u00f3wczas duch wsp\u00f3\u0142pracy dookre\u015bla role, kt\u00f3re poszczeg\u00f3lni cz\u0142onkowie teatru staraj\u0105 si\u0119 jak najlepiej odegra\u0107, bez wzgl\u0119du na to, czy jest to posta\u0107 sceniczna, czy bileter.Osobno\u015b\u0107 wobec gotowych format\u00f3w codzienno\u015bci z kolei wyra\u017ca si\u0119 g\u0142\u00f3wnie tym, \u017ce estetyka spektakli cz\u0119sto nawi\u0105zuje do minionych stuleci, bohaterowie fabu\u0142 nierzadko s\u0105 niedopasowani do obowi\u0105zuj\u0105cych wsp\u00f3\u0142cze\u015bnie stereotyp\u00f3w zachowa\u0144, cel\u00f3w czy m\u00f3d. Bezwzgl\u0119dnie jednak pokazuj\u0105, \u017ce cz\u0142owiek jest imponuj\u0105co wielow\u0105tkowy, \u017ce warto przypatrywa\u0107 si\u0119 jemu w przer\u00f3\u017cnych uwik\u0142aniach. Ostatecznie tak\u017ce &#8211; \u017ce obcowanie z tekstami kultury przydaje wiedzy o tym cz\u0142owieku, wzmacnia ch\u0119\u0107 pyta\u0144 o wszystko, co zadziwia. Teatr &#8222;U Przyjaci\u00f3\u0142&#8221; przygotowuje spektakle, filmy czy miniatury teatralne. W swoich dzia\u0142aniach nierzadko opiera si\u0119 na w\u0142asnych scenariuszach, muzyce, pomys\u0142ach, cho\u0107 cz\u0119sto te\u017c inspiracj\u0105 s\u0105 dla niego arcydzie\u0142a literatury czy kina.<\/p>\n\n\n\n<p><strong>O\u015aWIADCZENIE:<\/strong><\/p>\n\n\n\n<p>Teatr &#8222;U Przyjaci\u00f3\u0142&#8221; ma charakter spo\u0142eczny, czyli cierpi na permanentny brak wsparcia finansowego. Dlatego, wybieraj\u0105c si\u0119 na nasze spektakle, nale\u017cy liczy\u0107 si\u0119 z wszelkimi niewygodami. Dzi\u0119ki temu o\u015bwiadczeniu chcemy powstrzyma\u0107 widza przed pochopnym wydaniem pieni\u0119dzy, kt\u00f3rych na pewno nie inwestujemy w komplet wygodnych foteli czy wind\u0119. Inwestujemy wy\u0142\u0105cznie w realizacj\u0119 kolejnych spektakli.<\/p>\n","protected":false},"excerpt":{"rendered":"<p>TEATR &#8222;U PRZYJACI\u00d3\u0141&#8221;&nbsp;powsta\u0142 w 2003 roku w Kawiarni Literackiej U Przyjaci\u00f3\u0142. Pierwszy spektakl pod szyldem Kawiarenki Literackiej U Przyjaci\u00f3\u0142. Nast\u0119pnie zainspirowani Wiosn\u0105 Schulza (2003) jako Trupa Oniryczna Sanatorium U Przyjaci\u00f3\u0142 (Jesie\u0144 Witkacego). Od 2003 do 2006 reprezentowany przez U PRZYJACI\u00d3\u0141 KAWIARNI\u0118 &#8211; KLUB &#8211; TEATR wraz z rozwojem dzia\u0142a\u0144 teatralnych, filmowych i kulturotw\u00f3rczych powsta\u0142 zamys\u0142<\/p>\n<div><a class=\"btn-filled btn\" href=\"https:\/\/uprzyjaciol.pl\/theatrum\/teatr\/o-teatrze\/\" title=\"O teatrze\">Dowiedz si\u0119 wi\u0119cej<\/a><\/div>\n","protected":false},"author":6,"featured_media":0,"parent":22,"menu_order":1,"comment_status":"closed","ping_status":"closed","template":"","meta":[],"_links":{"self":[{"href":"https:\/\/uprzyjaciol.pl\/theatrum\/wp-json\/wp\/v2\/pages\/24"}],"collection":[{"href":"https:\/\/uprzyjaciol.pl\/theatrum\/wp-json\/wp\/v2\/pages"}],"about":[{"href":"https:\/\/uprzyjaciol.pl\/theatrum\/wp-json\/wp\/v2\/types\/page"}],"author":[{"embeddable":true,"href":"https:\/\/uprzyjaciol.pl\/theatrum\/wp-json\/wp\/v2\/users\/6"}],"replies":[{"embeddable":true,"href":"https:\/\/uprzyjaciol.pl\/theatrum\/wp-json\/wp\/v2\/comments?post=24"}],"version-history":[{"count":7,"href":"https:\/\/uprzyjaciol.pl\/theatrum\/wp-json\/wp\/v2\/pages\/24\/revisions"}],"predecessor-version":[{"id":1456,"href":"https:\/\/uprzyjaciol.pl\/theatrum\/wp-json\/wp\/v2\/pages\/24\/revisions\/1456"}],"up":[{"embeddable":true,"href":"https:\/\/uprzyjaciol.pl\/theatrum\/wp-json\/wp\/v2\/pages\/22"}],"wp:attachment":[{"href":"https:\/\/uprzyjaciol.pl\/theatrum\/wp-json\/wp\/v2\/media?parent=24"}],"curies":[{"name":"wp","href":"https:\/\/api.w.org\/{rel}","templated":true}]}}