{"id":2270,"date":"2025-05-20T10:11:34","date_gmt":"2025-05-20T08:11:34","guid":{"rendered":"https:\/\/uprzyjaciol.pl\/theatrum\/?page_id=2270"},"modified":"2025-05-20T11:25:44","modified_gmt":"2025-05-20T09:25:44","slug":"zagralismy","status":"publish","type":"page","link":"https:\/\/uprzyjaciol.pl\/theatrum\/spektakle\/zagralismy\/","title":{"rendered":"Ile razy zagrali\u015bmy"},"content":{"rendered":"\n<figure class=\"wp-block-table\"><table  class=\" table table-hover\" ><tbody><tr><td><strong>Tytu\u0142<\/strong><\/td><td><strong>zagrany<\/strong><\/td><\/tr><tr><td>Nie zapomnisz<\/td><td>8<\/td><\/tr><tr><td>Kabaret U Przyjaci\u00f3\u0142<\/td><td>21<\/td><\/tr><tr><td>Oddychaj<\/td><td>21<\/td><\/tr><tr><td>Frankenstein<\/td><td>33<\/td><\/tr><tr><td>Portret Doriana Wilde&#8217;a<\/td><td>30<\/td><\/tr><tr><td>Ulisses<\/td><td>10<\/td><\/tr><tr><td>Elektra<\/td><td>22<\/td><\/tr><tr><td>Dzisiaj wyje\u017cd\u017cam<\/td><td>29<\/td><\/tr><tr><td>Elektra<\/td><td>22<\/td><\/tr><tr><td>Sherlock Holmes<\/td><td>70<\/td><\/tr><tr><td>Wariat i zakonnica<\/td><td>41<\/td><\/tr><tr><td>Horla. Przypadek rodziny Sable<\/td><td>11<\/td><\/tr><tr><td>IP_Istnienia Poszczeg\u00f3lne<\/td><td>36<\/td><\/tr><tr><td>Ascendium<\/td><td>16<\/td><\/tr><tr><td>Kafka (K.)<\/td><td>33<\/td><\/tr><tr><td>Gomber<\/td><td>40<\/td><\/tr><tr><td>Ostatnia ucieczka Brunona Schulza<\/td><td>21<\/td><\/tr><tr><td>Niebostrzyg<\/td><td>56<\/td><\/tr><tr><td>Witkacy<\/td><td>57<\/td><\/tr><tr><td>Senne \u0142agodne prze\u015bwity<\/td><td>54<\/td><\/tr><tr><td>Alicja w lustrach<\/td><td>7<\/td><\/tr><tr><td>Fobie<\/td><td>28<\/td><\/tr><tr><td>Bywalcy Absurdutu<\/td><td>57<\/td><\/tr><tr><td>Teatroza vel Rekrutremy<\/td><td>7<\/td><\/tr><tr><td>Appendix<\/td><td>111<\/td><\/tr><tr><td>Pasje i obsesje Teodora Astray<\/td><td>22<\/td><\/tr><tr><td>Przedwczesny pogrzeb<\/td><td>35<\/td><\/tr><tr><td>Legenda o \u015bw. Patryku<\/td><td>6<\/td><\/tr><tr><td>Jesie\u0144 Witkacego<\/td><td>2<\/td><\/tr><tr><td>Wiosna Schulza<\/td><td>2<\/td><\/tr><\/tbody><\/table><\/figure>\n","protected":false},"excerpt":{"rendered":"<p>Tytu\u0142 zagrany Nie zapomnisz 8 Kabaret U Przyjaci\u00f3\u0142 21 Oddychaj 21 Frankenstein 33 Portret Doriana Wilde&#8217;a 30 Ulisses 10 Elektra 22 Dzisiaj wyje\u017cd\u017cam 29 Elektra 22 Sherlock Holmes 70 Wariat i zakonnica 41 Horla. Przypadek rodziny Sable 11 IP_Istnienia Poszczeg\u00f3lne 36 Ascendium 16 Kafka (K.) 33 Gomber 40 Ostatnia ucieczka Brunona Schulza 21 Niebostrzyg 56<\/p>\n<div><a class=\"btn-filled btn\" href=\"https:\/\/uprzyjaciol.pl\/theatrum\/spektakle\/zagralismy\/\" title=\"Ile razy zagrali\u015bmy\">Dowiedz si\u0119 wi\u0119cej<\/a><\/div>\n","protected":false},"author":3,"featured_media":0,"parent":52,"menu_order":3,"comment_status":"closed","ping_status":"closed","template":"","meta":[],"_links":{"self":[{"href":"https:\/\/uprzyjaciol.pl\/theatrum\/wp-json\/wp\/v2\/pages\/2270"}],"collection":[{"href":"https:\/\/uprzyjaciol.pl\/theatrum\/wp-json\/wp\/v2\/pages"}],"about":[{"href":"https:\/\/uprzyjaciol.pl\/theatrum\/wp-json\/wp\/v2\/types\/page"}],"author":[{"embeddable":true,"href":"https:\/\/uprzyjaciol.pl\/theatrum\/wp-json\/wp\/v2\/users\/3"}],"replies":[{"embeddable":true,"href":"https:\/\/uprzyjaciol.pl\/theatrum\/wp-json\/wp\/v2\/comments?post=2270"}],"version-history":[{"count":4,"href":"https:\/\/uprzyjaciol.pl\/theatrum\/wp-json\/wp\/v2\/pages\/2270\/revisions"}],"predecessor-version":[{"id":2280,"href":"https:\/\/uprzyjaciol.pl\/theatrum\/wp-json\/wp\/v2\/pages\/2270\/revisions\/2280"}],"up":[{"embeddable":true,"href":"https:\/\/uprzyjaciol.pl\/theatrum\/wp-json\/wp\/v2\/pages\/52"}],"wp:attachment":[{"href":"https:\/\/uprzyjaciol.pl\/theatrum\/wp-json\/wp\/v2\/media?parent=2270"}],"curies":[{"name":"wp","href":"https:\/\/api.w.org\/{rel}","templated":true}]}}