{"id":1582,"date":"2023-04-09T19:18:54","date_gmt":"2023-04-09T17:18:54","guid":{"rendered":"https:\/\/uprzyjaciol.pl\/theatrum\/?page_id=1582"},"modified":"2023-04-09T19:29:10","modified_gmt":"2023-04-09T17:29:10","slug":"wspieraj","status":"publish","type":"page","link":"https:\/\/uprzyjaciol.pl\/theatrum\/wspieraj\/","title":{"rendered":"Wspieraj"},"content":{"rendered":"\n<p>Teatr U Przyjaci\u00f3\u0142 ma charakter spo\u0142eczny, czyli cierpi na permanentny brak wsparcia finansowego. Dlatego, wybieraj\u0105c si\u0119 na nasze spektakle, nale\u017cy liczy\u0107 si\u0119 z wszelkimi niewygodami. Dzi\u0119ki temu o\u015bwiadczeniu chcemy powstrzyma\u0107 widza przed pochopnym wydaniem pieni\u0119dzy, kt\u00f3rych na pewno nie inwestujemy w komplet wygodnych foteli i wind\u0119. Inwestujemy wy\u0142\u0105cznie w realizacj\u0119 kolejnych spektakli.<\/p>\n\n\n\n<p><\/p>\n\n\n\n<p>Je\u015bli chcesz wesprze\u0107 nasze dzia\u0142ania:<\/p>\n\n\n\n<p>Santander Bank<\/p>\n\n\n\n<p>23 1090 2734 0000 0001 0589 0114<\/p>\n\n\n\n<p>tytu\u0142 przelewu: darowizna<\/p>\n\n\n\n<figure class=\"wp-block-image size-full\"><img loading=\"lazy\" width=\"799\" height=\"533\" src=\"https:\/\/uprzyjaciol.pl\/theatrum\/wp-content\/uploads\/2023\/04\/50391640997_69ccbc3157_c.jpg\" alt=\"\" class=\"wp-image-1585\" srcset=\"https:\/\/uprzyjaciol.pl\/theatrum\/wp-content\/uploads\/2023\/04\/50391640997_69ccbc3157_c.jpg 799w, https:\/\/uprzyjaciol.pl\/theatrum\/wp-content\/uploads\/2023\/04\/50391640997_69ccbc3157_c-300x200.jpg 300w, https:\/\/uprzyjaciol.pl\/theatrum\/wp-content\/uploads\/2023\/04\/50391640997_69ccbc3157_c-768x512.jpg 768w\" sizes=\"(max-width: 799px) 100vw, 799px\" \/><\/figure>\n","protected":false},"excerpt":{"rendered":"<p>Teatr U Przyjaci\u00f3\u0142 ma charakter spo\u0142eczny, czyli cierpi na permanentny brak wsparcia finansowego. Dlatego, wybieraj\u0105c si\u0119 na nasze spektakle, nale\u017cy liczy\u0107 si\u0119 z wszelkimi niewygodami. Dzi\u0119ki temu o\u015bwiadczeniu chcemy powstrzyma\u0107 widza przed pochopnym wydaniem pieni\u0119dzy, kt\u00f3rych na pewno nie inwestujemy w komplet wygodnych foteli i wind\u0119. Inwestujemy wy\u0142\u0105cznie w realizacj\u0119 kolejnych spektakli. Je\u015bli chcesz wesprze\u0107<\/p>\n<div><a class=\"btn-filled btn\" href=\"https:\/\/uprzyjaciol.pl\/theatrum\/wspieraj\/\" title=\"Wspieraj\">Dowiedz si\u0119 wi\u0119cej<\/a><\/div>\n","protected":false},"author":3,"featured_media":0,"parent":0,"menu_order":0,"comment_status":"closed","ping_status":"closed","template":"","meta":[],"_links":{"self":[{"href":"https:\/\/uprzyjaciol.pl\/theatrum\/wp-json\/wp\/v2\/pages\/1582"}],"collection":[{"href":"https:\/\/uprzyjaciol.pl\/theatrum\/wp-json\/wp\/v2\/pages"}],"about":[{"href":"https:\/\/uprzyjaciol.pl\/theatrum\/wp-json\/wp\/v2\/types\/page"}],"author":[{"embeddable":true,"href":"https:\/\/uprzyjaciol.pl\/theatrum\/wp-json\/wp\/v2\/users\/3"}],"replies":[{"embeddable":true,"href":"https:\/\/uprzyjaciol.pl\/theatrum\/wp-json\/wp\/v2\/comments?post=1582"}],"version-history":[{"count":4,"href":"https:\/\/uprzyjaciol.pl\/theatrum\/wp-json\/wp\/v2\/pages\/1582\/revisions"}],"predecessor-version":[{"id":1592,"href":"https:\/\/uprzyjaciol.pl\/theatrum\/wp-json\/wp\/v2\/pages\/1582\/revisions\/1592"}],"wp:attachment":[{"href":"https:\/\/uprzyjaciol.pl\/theatrum\/wp-json\/wp\/v2\/media?parent=1582"}],"curies":[{"name":"wp","href":"https:\/\/api.w.org\/{rel}","templated":true}]}}