{"version":"1.0","provider_name":"Teatr U Przyjaci\u00f3\u0142","provider_url":"https:\/\/uprzyjaciol.pl\/theatrum","author_name":"Monika","author_url":"https:\/\/uprzyjaciol.pl\/theatrum\/author\/monika\/","title":"Portret Doriana Wilde'a - Teatr U Przyjaci\u00f3\u0142","type":"rich","width":600,"height":338,"html":"<blockquote class=\"wp-embedded-content\" data-secret=\"7WE7tkDcyD\"><a href=\"https:\/\/uprzyjaciol.pl\/theatrum\/spektakle\/premiery\/portret-doriana-wildea\/\">Portret Doriana Wilde&#8217;a<\/a><\/blockquote><iframe sandbox=\"allow-scripts\" security=\"restricted\" src=\"https:\/\/uprzyjaciol.pl\/theatrum\/spektakle\/premiery\/portret-doriana-wildea\/embed\/#?secret=7WE7tkDcyD\" width=\"600\" height=\"338\" title=\"&#8222;Portret Doriana Wilde&#8217;a&#8221; &#8212; Teatr U Przyjaci\u00f3\u0142\" data-secret=\"7WE7tkDcyD\" frameborder=\"0\" marginwidth=\"0\" marginheight=\"0\" scrolling=\"no\" class=\"wp-embedded-content\"><\/iframe><script type=\"text\/javascript\">\n\/*! This file is auto-generated *\/\n!function(c,d){\"use strict\";var e=!1,o=!1;if(d.querySelector)if(c.addEventListener)e=!0;if(c.wp=c.wp||{},c.wp.receiveEmbedMessage);else if(c.wp.receiveEmbedMessage=function(e){var t=e.data;if(!t);else if(!(t.secret||t.message||t.value));else if(\/[^a-zA-Z0-9]\/.test(t.secret));else{for(var r,s,a,i=d.querySelectorAll('iframe[data-secret=\"'+t.secret+'\"]'),n=d.querySelectorAll('blockquote[data-secret=\"'+t.secret+'\"]'),o=new RegExp(\"^https?:$\",\"i\"),l=0;l<n.length;l++)n[l].style.display=\"none\";for(l=0;l<i.length;l++)if(r=i[l],e.source!==r.contentWindow);else{if(r.removeAttribute(\"style\"),\"height\"===t.message){if(1e3<(s=parseInt(t.value,10)))s=1e3;else if(~~s<200)s=200;r.height=s}if(\"link\"===t.message)if(s=d.createElement(\"a\"),a=d.createElement(\"a\"),s.href=r.getAttribute(\"src\"),a.href=t.value,!o.test(a.protocol));else if(a.host===s.host)if(d.activeElement===r)c.top.location.href=t.value}}},e)c.addEventListener(\"message\",c.wp.receiveEmbedMessage,!1),d.addEventListener(\"DOMContentLoaded\",t,!1),c.addEventListener(\"load\",t,!1);function t(){if(o);else{o=!0;for(var e,t,r,s=-1!==navigator.appVersion.indexOf(\"MSIE 10\"),a=!!navigator.userAgent.match(\/Trident.*rv:11\\.\/),i=d.querySelectorAll(\"iframe.wp-embedded-content\"),n=0;n<i.length;n++){if(!(r=(t=i[n]).getAttribute(\"data-secret\")))r=Math.random().toString(36).substr(2,10),t.src+=\"#?secret=\"+r,t.setAttribute(\"data-secret\",r);if(s||a)(e=t.cloneNode(!0)).removeAttribute(\"security\"),t.parentNode.replaceChild(e,t);t.contentWindow.postMessage({message:\"ready\",secret:r},\"*\")}}}}(window,document);\n<\/script>\n","description":"SCENA DRAMATYCZNAPREMIERA: 15 maja 2019 rokuCzas trwania: 80 minutOgraniczenia wiekowe: 16+SPEKTAKL W STA\u0141YM REPERTUARZE \u201eArtysta to ten, kt\u00f3ry tworzy pi\u0119kno. Kto w pi\u0119knie odnajduje sens brzydki, jest zepsuty. Wybrani s\u0105 jedynie ci, dla kt\u00f3rych pi\u0119kno posiada wy\u0142\u0105cznie znaczenie pi\u0119kna. Kocha\u0107 mo\u017cna tylko pi\u0119kno\u201d. S\u0142awn\u0105 powie\u015b\u0107 Wilde\u2019a \u201ePortret Doriana Gray\u2019a\u201d otwiera takie artystyczne credo. Naszkicowany wDowiedz si\u0119 wi\u0119cej"}

Teatr U Przyjaciół

Portret Doriana Wilde'a - Teatr U Przyjaciół

<blockquote class="wp-embedded-content" data-secret="7WE7tkDcyD"><a href="https://uprzyjaciol.pl/theatrum/spektakle/premiery/portret-doriana-wildea/">Portret Doriana Wilde&#8217;a</a></blockquote><iframe sandbox="allow-scripts" security="restricted" src="https://uprzyjaciol.pl/theatrum/spektakle/premiery/portret-doriana-wildea/embed/#?secret=7WE7tkDcyD" width="600" height="338" title="&#8222;Portret Doriana Wilde&#8217;a&#8221; &#8212; Teatr U Przyjaciół" data-secret="7WE7tkDcyD" frameborder="0" marginwidth="0" marginheight="0" scrolling="no" class="wp-embedded-content"></iframe><script type="text/javascript">
/*! This file is auto-generated */
!function(c,d){"use strict";var e=!1,o=!1;if(d.querySelector)if(c.addEventListener)e=!0;if(c.wp=c.wp||{},c.wp.receiveEmbedMessage);else if(c.wp.receiveEmbedMessage=function(e){var t=e.data;if(!t);else if(!(t.secret||t.message||t.value));else if(/[^a-zA-Z0-9]/.test(t.secret));else{for(var r,s,a,i=d.querySelectorAll('iframe[data-secret="'+t.secret+'"]'),n=d.querySelectorAll('blockquote[data-secret="'+t.secret+'"]'),o=new RegExp("^https?:$","i"),l=0;l<n.length;l++)n[l].style.display="none";for(l=0;l<i.length;l++)if(r=i[l],e.source!==r.contentWindow);else{if(r.removeAttribute("style"),"height"===t.message){if(1e3<(s=parseInt(t.value,10)))s=1e3;else if(~~s<200)s=200;r.height=s}if("link"===t.message)if(s=d.createElement("a"),a=d.createElement("a"),s.href=r.getAttribute("src"),a.href=t.value,!o.test(a.protocol));else if(a.host===s.host)if(d.activeElement===r)c.top.location.href=t.value}}},e)c.addEventListener("message",c.wp.receiveEmbedMessage,!1),d.addEventListener("DOMContentLoaded",t,!1),c.addEventListener("load",t,!1);function t(){if(o);else{o=!0;for(var e,t,r,s=-1!==navigator.appVersion.indexOf("MSIE 10"),a=!!navigator.userAgent.match(/Trident.*rv:11\./),i=d.querySelectorAll("iframe.wp-embedded-content"),n=0;n<i.length;n++){if(!(r=(t=i[n]).getAttribute("data-secret")))r=Math.random().toString(36).substr(2,10),t.src+="#?secret="+r,t.setAttribute("data-secret",r);if(s||a)(e=t.cloneNode(!0)).removeAttribute("security"),t.parentNode.replaceChild(e,t);t.contentWindow.postMessage({message:"ready",secret:r},"*")}}}}(window,document);
</script>

SCENA DRAMATYCZNAPREMIERA: 15 maja 2019 rokuCzas trwania: 80 minutOgraniczenia wiekowe: 16+SPEKTAKL W STAŁYM REPERTUARZE „Artysta to ten, który tworzy piękno. Kto w pięknie odnajduje sens brzydki, jest zepsuty. Wybrani są jedynie ci, dla których piękno posiada wyłącznie znaczenie piękna. Kochać można tylko piękno”. Sławną powieść Wilde’a „Portret Doriana Gray’a” otwiera takie artystyczne credo. Naszkicowany wDowiedz się więcej
